Last updated on 2025-05-18 20:49:38 CEST.
Flavor | Version | Tinstall | Tcheck | Ttotal | Status | Flags |
---|---|---|---|---|---|---|
r-devel-linux-x86_64-debian-clang | 1.0.0 | 2.37 | 22.37 | 24.74 | NOTE | |
r-devel-linux-x86_64-debian-gcc | 1.0.0 | 1.72 | 18.03 | 19.75 | NOTE | |
r-devel-linux-x86_64-fedora-clang | 1.0.0 | 37.05 | OK | |||
r-devel-linux-x86_64-fedora-gcc | 1.0.0 | 36.16 | OK | |||
r-devel-windows-x86_64 | 1.0.0 | 3.00 | 44.00 | 47.00 | OK | |
r-patched-linux-x86_64 | 1.0.0 | 2.30 | 20.64 | 22.94 | OK | |
r-release-linux-x86_64 | 1.0.0 | 1.94 | 20.68 | 22.62 | OK | |
r-release-macos-arm64 | 1.0.0 | 17.00 | OK | |||
r-release-macos-x86_64 | 1.0.0 | 37.00 | OK | |||
r-release-windows-x86_64 | 1.0.0 | 3.00 | 45.00 | 48.00 | OK | |
r-oldrel-macos-arm64 | 1.0.0 | 20.00 | OK | |||
r-oldrel-macos-x86_64 | 1.0.0 | 22.00 | OK | |||
r-oldrel-windows-x86_64 | 1.0.0 | 3.00 | 42.00 | 45.00 | OK |
Version: 1.0.0
Check: CRAN incoming feasibility
Result: NOTE
Maintainer: ‘Qingyuan Zhao <qyzhao@statslab.cam.ac.uk>’
The Description field contains
<arXiv:2004.07743>.
Please refer to arXiv e-prints via their arXiv DOI <doi:10.48550/arXiv.YYMM.NNNNN>.
Flavors: r-devel-linux-x86_64-debian-clang, r-devel-linux-x86_64-debian-gcc