CRAN Package Check Results for Package bgmfiles

Last updated on 2025-11-16 06:49:31 CET.

Flavor Version Tinstall Tcheck Ttotal Status Flags
r-devel-linux-x86_64-debian-clang 0.1.0 1.45 20.39 21.84 OK
r-devel-linux-x86_64-debian-gcc 0.1.0 1.28 17.44 18.72 NOTE
r-devel-linux-x86_64-fedora-clang 0.1.0 31.77 OK
r-devel-linux-x86_64-fedora-gcc 0.1.0 29.67 OK
r-devel-windows-x86_64 0.1.0 6.00 38.00 44.00 OK
r-patched-linux-x86_64 0.1.0 1.62 18.04 19.66 OK
r-release-linux-x86_64 0.1.0 1.65 18.18 19.83 OK
r-release-macos-arm64 0.1.0 1.00 14.00 15.00 OK
r-release-macos-x86_64 0.1.0 3.00 61.00 64.00 OK
r-release-windows-x86_64 0.1.0 3.00 37.00 40.00 OK
r-oldrel-macos-arm64 0.1.0 1.00 20.00 21.00 OK
r-oldrel-macos-x86_64 0.1.0 3.00 76.00 79.00 OK
r-oldrel-windows-x86_64 0.1.0 3.00 41.00 44.00 OK

Check Details

Version: 0.1.0
Check: CRAN incoming feasibility
Result: NOTE Maintainer: ‘Michael D. Sumner <mdsumner@gmail.com>’ The BugReports field in DESCRIPTION has https://github.com/AustralianAntarcticDivision/bgmfiles/issues/ which should likely be https://github.com/AustralianAntarcticDivision/bgmfiles/issues/issues instead. Flavor: r-devel-linux-x86_64-debian-gcc