CRAN Package Check Results for Package bgmm

Last updated on 2025-11-16 06:49:31 CET.

Flavor Version Tinstall Tcheck Ttotal Status Flags
r-devel-linux-x86_64-debian-clang 1.8.5 3.30 43.25 46.55 NOTE
r-devel-linux-x86_64-debian-gcc 1.8.5 2.92 32.86 35.78 NOTE
r-devel-linux-x86_64-fedora-clang 1.8.5 20.00 57.94 77.94 NOTE
r-devel-linux-x86_64-fedora-gcc 1.8.5 11.00 59.06 70.06 NOTE
r-devel-windows-x86_64 1.8.5 7.00 61.00 68.00 NOTE
r-patched-linux-x86_64 1.8.5 4.66 41.02 45.68 NOTE
r-release-linux-x86_64 1.8.5 3.92 40.95 44.87 NOTE
r-release-macos-arm64 1.8.5 2.00 24.00 26.00 NOTE
r-release-macos-x86_64 1.8.5 4.00 43.00 47.00 NOTE
r-release-windows-x86_64 1.8.5 7.00 61.00 68.00 NOTE
r-oldrel-macos-arm64 1.8.5 2.00 22.00 24.00 NOTE
r-oldrel-macos-x86_64 1.8.5 3.00 33.00 36.00 NOTE
r-oldrel-windows-x86_64 1.8.5 9.00 73.00 82.00 NOTE

Check Details

Version: 1.8.5
Check: CRAN incoming feasibility
Result: NOTE Maintainer: ‘Przemyslaw Biecek <Przemyslaw.Biecek@gmail.com>’ No Authors@R field in DESCRIPTION. Please add one, modifying Authors@R: c(person(given = c("Przemyslaw", "Biecek", "\\&", "Ewa"), family = "Szczurek", role = "aut"), person(given = "Przemyslaw", family = "Biecek", role = "cre", email = "Przemyslaw.Biecek@gmail.com")) as necessary. Package CITATION file contains call(s) to old-style personList() or as.personList(). Please use c() on person objects instead. Package CITATION file contains call(s) to old-style citEntry(). Please use bibentry() instead. Flavors: r-devel-linux-x86_64-debian-clang, r-devel-linux-x86_64-debian-gcc

Version: 1.8.5
Check: Rd files
Result: NOTE checkRd: (-1) bgmm-package.Rd:23: Escaped LaTeX specials: \& Flavors: r-devel-linux-x86_64-debian-clang, r-devel-linux-x86_64-debian-gcc, r-devel-linux-x86_64-fedora-clang, r-devel-linux-x86_64-fedora-gcc, r-devel-windows-x86_64, r-patched-linux-x86_64, r-release-linux-x86_64, r-release-macos-arm64, r-release-macos-x86_64, r-release-windows-x86_64, r-oldrel-macos-arm64, r-oldrel-macos-x86_64, r-oldrel-windows-x86_64