Last updated on 2025-04-29 13:51:17 CEST.
Flavor | Version | Tinstall | Tcheck | Ttotal | Status | Flags |
---|---|---|---|---|---|---|
r-devel-linux-x86_64-debian-clang | 0.0.1 | 21.69 | 29.16 | 50.85 | NOTE | |
r-devel-linux-x86_64-debian-gcc | 0.0.1 | 16.79 | 22.76 | 39.55 | NOTE | |
r-devel-linux-x86_64-fedora-clang | 0.0.1 | 90.34 | NOTE | |||
r-devel-linux-x86_64-fedora-gcc | 0.0.1 | 91.58 | NOTE | |||
r-devel-windows-x86_64 | 0.0.1 | 28.00 | 66.00 | 94.00 | OK | |
r-patched-linux-x86_64 | 0.0.1 | 24.94 | 28.00 | 52.94 | OK | |
r-release-linux-x86_64 | 0.0.1 | 24.78 | 27.74 | 52.52 | OK | |
r-release-macos-arm64 | 0.0.1 | 31.00 | OK | |||
r-release-macos-x86_64 | 0.0.1 | 44.00 | OK | |||
r-release-windows-x86_64 | 0.0.1 | 30.00 | 68.00 | 98.00 | OK | |
r-oldrel-macos-arm64 | 0.0.1 | 31.00 | OK | |||
r-oldrel-macos-x86_64 | 0.0.1 | 36.00 | OK | |||
r-oldrel-windows-x86_64 | 0.0.1 | 32.00 | 79.00 | 111.00 | OK |
Version: 0.0.1
Check: CRAN incoming feasibility
Result: NOTE
Maintainer: ‘Aliasghar Tarkhan <atarkhan@uw.edu>’
The Description field contains
<arXiv:2003.00116v2>.
Please refer to arXiv e-prints via their arXiv DOI <doi:10.48550/arXiv.YYMM.NNNNN>.
Flavors: r-devel-linux-x86_64-debian-clang, r-devel-linux-x86_64-debian-gcc
Version: 0.0.1
Check: dependencies in R code
Result: NOTE
Namespace in Imports field not imported from: ‘survival’
All declared Imports should be used.
Flavors: r-devel-linux-x86_64-fedora-clang, r-devel-linux-x86_64-fedora-gcc