CRAN Package Check Results for Package bigalgebra

Last updated on 2025-11-16 06:49:31 CET.

Flavor Version Tinstall Tcheck Ttotal Status Flags
r-devel-linux-x86_64-debian-clang 3.0.0 5.24 50.82 56.06 OK
r-devel-linux-x86_64-debian-gcc 3.0.0 4.23 41.40 45.63 NOTE
r-devel-linux-x86_64-fedora-clang 3.0.0 34.00 57.58 91.58 OK
r-devel-linux-x86_64-fedora-gcc 3.0.0 12.00 84.26 96.26 OK
r-devel-windows-x86_64 3.0.0 13.00 73.00 86.00 OK
r-patched-linux-x86_64 3.0.0 5.02 46.97 51.99 OK
r-release-linux-x86_64 3.0.0 5.47 47.34 52.81 OK
r-release-macos-arm64 3.0.0 4.00 34.00 38.00 OK
r-release-macos-x86_64 3.0.0 8.00 95.00 103.00 OK
r-release-windows-x86_64 3.0.0 13.00 73.00 86.00 OK
r-oldrel-macos-arm64 3.0.0 5.00 40.00 45.00 OK
r-oldrel-macos-x86_64 3.0.0 12.00 63.00 75.00 OK
r-oldrel-windows-x86_64 3.0.0 13.00 85.00 98.00 OK

Check Details

Version: 3.0.0
Check: CRAN incoming feasibility
Result: NOTE Maintainer: ‘Frederic Bertrand <frederic.bertrand@lecnam.net>’ The BugReports field in DESCRIPTION has https://github.com/fbertran/bigalgebra/issues/ which should likely be https://github.com/fbertran/bigalgebra/issues/issues instead. Flavor: r-devel-linux-x86_64-debian-gcc