Last updated on 2024-06-27 10:49:27 CEST.
Flavor | Version | Tinstall | Tcheck | Ttotal | Status | Flags |
---|---|---|---|---|---|---|
r-devel-linux-x86_64-debian-clang | 0.3.2 | NOTE | ||||
r-devel-linux-x86_64-debian-gcc | 0.3.2 | 77.59 | 46.99 | 124.58 | NOTE | |
r-devel-linux-x86_64-fedora-clang | 0.3.2 | 205.76 | NOTE | |||
r-devel-linux-x86_64-fedora-gcc | 0.3.2 | 266.88 | NOTE | |||
r-devel-windows-x86_64 | 0.3.2 | 79.00 | 91.00 | 170.00 | NOTE | |
r-patched-linux-x86_64 | 0.3.2 | 86.82 | 58.76 | 145.58 | OK | |
r-release-linux-x86_64 | 0.3.2 | 96.12 | 59.94 | 156.06 | OK | |
r-release-macos-arm64 | 0.3.2 | 60.00 | NOTE | |||
r-release-macos-x86_64 | 0.3.2 | 83.00 | NOTE | |||
r-release-windows-x86_64 | 0.3.2 | 85.00 | 86.00 | 171.00 | OK | |
r-oldrel-macos-arm64 | 0.3.2 | 83.00 | NOTE | |||
r-oldrel-macos-x86_64 | 0.3.2 | 145.00 | NOTE | |||
r-oldrel-windows-x86_64 | 0.3.2 | 97.00 | 105.00 | 202.00 | OK |
Version: 0.3.2
Check: compiled code
Result: NOTE
File ‘bignum/libs/bignum.so’:
Found non-API calls to R: ‘SETLENGTH’, ‘SET_GROWABLE_BIT’,
‘SET_TRUELENGTH’
Compiled code should not call non-API entry points in R.
See ‘Writing portable packages’ in the ‘Writing R Extensions’ manual.
Flavors: r-devel-linux-x86_64-debian-clang, r-devel-linux-x86_64-fedora-clang, r-devel-linux-x86_64-fedora-gcc
Version: 0.3.2
Check: compiled code
Result: NOTE
File ‘bignum/libs/bignum.so’:
Found non-API calls to R: ‘SETLENGTH’, ‘SET_GROWABLE_BIT’,
‘SET_TRUELENGTH’
Compiled code should not call non-API entry points in R.
See ‘Writing portable packages’ in the ‘Writing R Extensions’ manual.
See section ‘Moving into C API compliance’ in the ‘Writing R
Extensions’ manual for issues with use of non-API entry points.
Flavor: r-devel-linux-x86_64-debian-gcc
Version: 0.3.2
Check: compiled code
Result: NOTE
File 'bignum/libs/x64/bignum.dll':
Found non-API calls to R: 'SETLENGTH', 'SET_GROWABLE_BIT',
'SET_TRUELENGTH'
Compiled code should not call non-API entry points in R.
See 'Writing portable packages' in the 'Writing R Extensions' manual.
Flavor: r-devel-windows-x86_64
Version: 0.3.2
Check: installed package size
Result: NOTE
installed size is 9.0Mb
sub-directories of 1Mb or more:
libs 8.7Mb
Flavors: r-release-macos-arm64, r-release-macos-x86_64, r-oldrel-macos-arm64, r-oldrel-macos-x86_64