Last updated on 2025-04-29 13:51:17 CEST.
Flavor | Version | Tinstall | Tcheck | Ttotal | Status | Flags |
---|---|---|---|---|---|---|
r-devel-linux-x86_64-debian-clang | 1.1 | 2.54 | 21.10 | 23.64 | NOTE | |
r-devel-linux-x86_64-debian-gcc | 1.1 | 2.02 | 16.70 | 18.72 | NOTE | |
r-devel-linux-x86_64-fedora-clang | 1.1 | 38.36 | OK | |||
r-devel-linux-x86_64-fedora-gcc | 1.1 | 35.80 | OK | |||
r-devel-windows-x86_64 | 1.1 | 4.00 | 43.00 | 47.00 | OK | |
r-patched-linux-x86_64 | 1.1 | 2.78 | 20.36 | 23.14 | OK | |
r-release-linux-x86_64 | 1.1 | 2.43 | 20.37 | 22.80 | OK | |
r-release-macos-arm64 | 1.1 | 18.00 | OK | |||
r-release-macos-x86_64 | 1.1 | 39.00 | OK | |||
r-release-windows-x86_64 | 1.1 | 6.00 | 44.00 | 50.00 | OK | |
r-oldrel-macos-arm64 | 1.1 | 22.00 | OK | |||
r-oldrel-macos-x86_64 | 1.1 | 24.00 | OK | |||
r-oldrel-windows-x86_64 | 1.1 | 5.00 | 42.00 | 47.00 | OK |
Version: 1.1
Check: CRAN incoming feasibility
Result: NOTE
Maintainer: ‘Chenguang Wang <cwang68@jhmi.edu>’
No Authors@R field in DESCRIPTION.
Please add one, modifying
Authors@R: c(person(given = "Chenguang",
family = "Wang",
role = c("aut", "cre"),
email = "cwang68@jhmi.edu"),
person(given = "Chiung-Yu",
family = "Huang",
role = "aut"),
person(given = "Mei-Cheng",
family = "Wang",
role = "aut"))
as necessary.
Flavors: r-devel-linux-x86_64-debian-clang, r-devel-linux-x86_64-debian-gcc