CRAN Package Check Results for Package binsmooth

Last updated on 2025-11-16 06:49:31 CET.

Flavor Version Tinstall Tcheck Ttotal Status Flags
r-devel-linux-x86_64-debian-clang 0.2.2 2.65 31.45 34.10 NOTE
r-devel-linux-x86_64-debian-gcc 0.2.2 2.27 24.72 26.99 NOTE
r-devel-linux-x86_64-fedora-clang 0.2.2 11.00 42.67 53.67 OK
r-devel-linux-x86_64-fedora-gcc 0.2.2 50.55 OK
r-devel-windows-x86_64 0.2.2 8.00 49.00 57.00 OK
r-patched-linux-x86_64 0.2.2 2.72 29.78 32.50 OK
r-release-linux-x86_64 0.2.2 2.89 29.92 32.81 OK
r-release-macos-arm64 0.2.2 2.00 19.00 21.00 OK
r-release-macos-x86_64 0.2.2 4.00 45.00 49.00 OK
r-release-windows-x86_64 0.2.2 5.00 48.00 53.00 OK
r-oldrel-macos-arm64 0.2.2 2.00 22.00 24.00 OK
r-oldrel-macos-x86_64 0.2.2 3.00 27.00 30.00 OK
r-oldrel-windows-x86_64 0.2.2 5.00 56.00 61.00 OK

Check Details

Version: 0.2.2
Check: CRAN incoming feasibility
Result: NOTE Maintainer: ‘Dave Hunter <dhunter@westmont.edu>’ No Authors@R field in DESCRIPTION. Please add one, modifying Authors@R: c(person(given = c("David", "J."), family = "Hunter", role = "aut"), person(given = "McKalie", family = "Drown", role = "aut"), person(given = "Dave", family = "Hunter", role = "cre", email = "dhunter@westmont.edu")) as necessary. Flavors: r-devel-linux-x86_64-debian-clang, r-devel-linux-x86_64-debian-gcc