Last updated on 2025-11-16 00:48:26 CET.
| Flavor | Version | Tinstall | Tcheck | Ttotal | Status | Flags |
|---|---|---|---|---|---|---|
| r-devel-linux-x86_64-debian-clang | 0.11.0 | 12.04 | 365.56 | 377.60 | OK | |
| r-devel-linux-x86_64-debian-gcc | 0.11.0 | 7.89 | 249.29 | 257.18 | OK | |
| r-devel-linux-x86_64-fedora-clang | 0.11.0 | 45.00 | 593.79 | 638.79 | OK | |
| r-devel-linux-x86_64-fedora-gcc | 0.11.0 | 23.00 | 571.07 | 594.07 | OK | |
| r-devel-windows-x86_64 | 0.11.0 | 23.00 | 393.00 | 416.00 | OK | |
| r-patched-linux-x86_64 | 0.11.0 | 13.89 | 352.46 | 366.35 | OK | |
| r-release-linux-x86_64 | 0.11.0 | 12.28 | 352.34 | 364.62 | OK | |
| r-release-macos-arm64 | 0.11.0 | 6.00 | 290.00 | 296.00 | OK | |
| r-release-macos-x86_64 | 0.11.0 | 12.00 | 382.00 | 394.00 | OK | |
| r-release-windows-x86_64 | 0.11.0 | 21.00 | 378.00 | 399.00 | OK | |
| r-oldrel-macos-arm64 | 0.11.0 | 7.00 | 215.00 | 222.00 | NOTE | |
| r-oldrel-macos-x86_64 | 0.11.0 | 11.00 | 394.00 | 405.00 | NOTE | |
| r-oldrel-windows-x86_64 | 0.11.0 | 24.00 | 506.00 | 530.00 | NOTE |
Version: 0.11.0
Check: installed package size
Result: NOTE
installed size is 5.5Mb
sub-directories of 1Mb or more:
data 1.6Mb
extdata 2.0Mb
Flavors: r-oldrel-macos-arm64, r-oldrel-macos-x86_64, r-oldrel-windows-x86_64