CRAN Package Check Results for Package bioacoustics

Last updated on 2025-11-16 12:49:25 CET.

Flavor Version Tinstall Tcheck Ttotal Status Flags
r-devel-linux-x86_64-debian-clang 0.2.10 62.25 58.67 120.92 OK
r-devel-linux-x86_64-debian-gcc 0.2.10 43.43 44.42 87.85 NOTE
r-devel-linux-x86_64-fedora-clang 0.2.10 203.00 31.19 234.19 OK
r-devel-linux-x86_64-fedora-gcc 0.2.10 433.00 -180.34 252.66 OK
r-devel-windows-x86_64 0.2.8 89.00 94.00 183.00 NOTE
r-patched-linux-x86_64 0.2.8 60.20 54.57 114.77 NOTE
r-release-linux-x86_64 0.2.10 66.57 55.51 122.08 OK
r-release-macos-arm64 0.2.10 29.00 62.00 91.00 OK
r-release-macos-x86_64 0.2.10 50.00 87.00 137.00 OK
r-release-windows-x86_64 0.2.10 79.00 142.00 221.00 OK
r-oldrel-macos-arm64 0.2.10 41.00 128.00 169.00 NOTE
r-oldrel-macos-x86_64 0.2.10 64.00 106.00 170.00 NOTE
r-oldrel-windows-x86_64 0.2.10 76.00 121.00 197.00 OK

Check Details

Version: 0.2.10
Check: CRAN incoming feasibility
Result: NOTE Maintainer: ‘Jean Marchal <jean.marchal@wavx.ca>’ The BugReports field in DESCRIPTION has https://github.com/wavx/bioacoustics/issues/ which should likely be https://github.com/wavx/bioacoustics/issues/issues instead. Flavor: r-devel-linux-x86_64-debian-gcc

Version: 0.2.8
Check: C++ specification
Result: NOTE Specified C++11: please drop specification unless essential Flavors: r-devel-windows-x86_64, r-patched-linux-x86_64

Version: 0.2.8
Check: Rd cross-references
Result: NOTE Found the following Rd file(s) with Rd \link{} targets missing package anchors: read_audio.Rd: Wave Please provide package anchors for all Rd \link{} targets not in the package itself and the base packages. Flavors: r-devel-windows-x86_64, r-patched-linux-x86_64

Version: 0.2.10
Check: installed package size
Result: NOTE installed size is 6.0Mb sub-directories of 1Mb or more: libs 4.6Mb Flavors: r-oldrel-macos-arm64, r-oldrel-macos-x86_64