Last updated on 2025-10-24 11:50:41 CEST.
| Flavor | Version | Tinstall | Tcheck | Ttotal | Status | Flags |
|---|---|---|---|---|---|---|
| r-devel-linux-x86_64-debian-clang | 1.2.0 | 10.28 | 102.22 | 112.50 | OK | |
| r-devel-linux-x86_64-debian-gcc | 1.2.0 | 7.79 | 77.35 | 85.14 | OK | |
| r-devel-linux-x86_64-fedora-clang | 1.2.0 | 23.00 | 136.25 | 159.25 | OK | |
| r-devel-linux-x86_64-fedora-gcc | 1.2.0 | 48.00 | 124.25 | 172.25 | OK | |
| r-devel-windows-x86_64 | 1.2.0 | 11.00 | 386.00 | 397.00 | OK | |
| r-patched-linux-x86_64 | 1.2.0 | 9.23 | 89.79 | 99.02 | OK | |
| r-release-linux-x86_64 | 1.2.0 | 8.59 | 90.53 | 99.12 | OK | |
| r-release-macos-arm64 | 1.2.0 | 10.00 | 86.00 | 96.00 | OK | |
| r-release-macos-x86_64 | 1.2.0 | 59.00 | 185.00 | 244.00 | OK | |
| r-release-windows-x86_64 | 1.2.0 | 12.00 | 97.00 | 109.00 | OK | |
| r-oldrel-macos-arm64 | 1.2.0 | 5.00 | 61.00 | 66.00 | NOTE | |
| r-oldrel-macos-x86_64 | 1.2.0 | 31.00 | 94.00 | 125.00 | NOTE | |
| r-oldrel-windows-x86_64 | 1.2.0 | 14.00 | 118.00 | 132.00 | NOTE |
Version: 1.2.0
Check: installed package size
Result: NOTE
installed size is 5.3Mb
sub-directories of 1Mb or more:
data 1.0Mb
doc 3.2Mb
Flavors: r-oldrel-macos-arm64, r-oldrel-macos-x86_64, r-oldrel-windows-x86_64