Last updated on 2025-04-29 13:51:18 CEST.
Flavor | Version | Tinstall | Tcheck | Ttotal | Status | Flags |
---|---|---|---|---|---|---|
r-devel-linux-x86_64-debian-clang | 1.2-2 | 2.10 | 30.34 | 32.44 | NOTE | |
r-devel-linux-x86_64-debian-gcc | 1.2-2 | 1.82 | 23.43 | 25.25 | NOTE | |
r-devel-linux-x86_64-fedora-clang | 1.2-2 | 51.67 | OK | |||
r-devel-linux-x86_64-fedora-gcc | 1.2-2 | 48.88 | OK | |||
r-devel-windows-x86_64 | 1.2-2 | 4.00 | 50.00 | 54.00 | OK | |
r-patched-linux-x86_64 | 1.2-2 | 2.71 | 29.26 | 31.97 | OK | |
r-release-linux-x86_64 | 1.2-2 | 2.49 | 28.68 | 31.17 | OK | |
r-release-macos-arm64 | 1.2-2 | 20.00 | OK | |||
r-release-macos-x86_64 | 1.2-2 | 34.00 | OK | |||
r-release-windows-x86_64 | 1.2-2 | 3.00 | 52.00 | 55.00 | OK | |
r-oldrel-macos-arm64 | 1.2-2 | 24.00 | OK | |||
r-oldrel-macos-x86_64 | 1.2-2 | 28.00 | OK | |||
r-oldrel-windows-x86_64 | 1.2-2 | 4.00 | 56.00 | 60.00 | OK |
Version: 1.2-2
Check: examples
Result: NOTE
Examples with CPU (user + system) or elapsed time > 5s
user system elapsed
bivrp 6.942 0.144 9.321
Flavor: r-devel-linux-x86_64-debian-clang
Version: 1.2-2
Check: examples
Result: NOTE
Examples with CPU (user + system) or elapsed time > 5s
user system elapsed
bivrp 4.387 0.221 6.434
Flavor: r-devel-linux-x86_64-debian-gcc