Last updated on 2025-04-29 13:51:18 CEST.
Flavor | Version | Tinstall | Tcheck | Ttotal | Status | Flags |
---|---|---|---|---|---|---|
r-devel-linux-x86_64-debian-clang | 2022.0.0.1 | 4.60 | 32.62 | 37.22 | NOTE | |
r-devel-linux-x86_64-debian-gcc | 2022.0.0.1 | 3.08 | 24.86 | 27.94 | NOTE | |
r-devel-linux-x86_64-fedora-clang | 2022.0.0.1 | 60.36 | OK | |||
r-devel-linux-x86_64-fedora-gcc | 2022.0.0.1 | 56.21 | OK | |||
r-devel-windows-x86_64 | 2022.0.0.1 | 7.00 | 55.00 | 62.00 | OK | |
r-patched-linux-x86_64 | 2022.0.0.1 | 5.07 | 30.99 | 36.06 | OK | |
r-release-linux-x86_64 | 2022.0.0.1 | 4.60 | 31.92 | 36.52 | OK | |
r-release-macos-arm64 | 2022.0.0.1 | 23.00 | OK | |||
r-release-macos-x86_64 | 2022.0.0.1 | 36.00 | OK | |||
r-release-windows-x86_64 | 2022.0.0.1 | 5.00 | 60.00 | 65.00 | OK | |
r-oldrel-macos-arm64 | 2022.0.0.1 | 25.00 | OK | |||
r-oldrel-macos-x86_64 | 2022.0.0.1 | 35.00 | OK | |||
r-oldrel-windows-x86_64 | 2022.0.0.1 | 6.00 | 55.00 | 61.00 | OK |
Version: 2022.0.0.1
Check: CRAN incoming feasibility
Result: NOTE
Maintainer: ‘S.Kovalchik <s.a.kovalchik@gmail.com>’
No Authors@R field in DESCRIPTION.
Please add one, modifying
Authors@R: c(person(given = "S.",
family = "Kovalchik",
role = "aut"),
person(family = "S.Kovalchik",
role = "cre",
email = "s.a.kovalchik@gmail.com"))
as necessary.
Package CITATION file contains call(s) to old-style personList() or
as.personList(). Please use c() on person objects instead.
Package CITATION file contains call(s) to old-style citEntry(). Please
use bibentry() instead.
Flavors: r-devel-linux-x86_64-debian-clang, r-devel-linux-x86_64-debian-gcc