CRAN Package Check Results for Package bmixture

Last updated on 2025-11-16 00:48:26 CET.

Flavor Version Tinstall Tcheck Ttotal Status Flags
r-devel-linux-x86_64-debian-clang 1.7 9.28 31.65 40.93 NOTE
r-devel-linux-x86_64-debian-gcc 1.7 6.20 24.58 30.78 NOTE
r-devel-linux-x86_64-fedora-clang 1.7 67.00 4.04 71.04 OK
r-devel-linux-x86_64-fedora-gcc 1.7 23.00 34.32 57.32 OK
r-devel-windows-x86_64 1.7 19.00 53.00 72.00 OK
r-patched-linux-x86_64 1.7 9.48 28.83 38.31 OK
r-release-linux-x86_64 1.7 7.99 28.62 36.61 OK
r-release-macos-arm64 1.7 6.00 20.00 26.00 OK
r-release-macos-x86_64 1.7 7.00 27.00 34.00 OK
r-release-windows-x86_64 1.7 15.00 54.00 69.00 OK
r-oldrel-macos-arm64 1.7 5.00 16.00 21.00 OK
r-oldrel-macos-x86_64 1.7 6.00 24.00 30.00 OK
r-oldrel-windows-x86_64 1.7 18.00 62.00 80.00 OK

Check Details

Version: 1.7
Check: CRAN incoming feasibility
Result: NOTE Maintainer: ‘Reza Mohammadi <a.mohammadi@uva.nl>’ Package CITATION file contains call(s) to old-style personList() or as.personList(). Please use c() on person objects instead. Package CITATION file contains call(s) to old-style citEntry(). Please use bibentry() instead. Flavors: r-devel-linux-x86_64-debian-clang, r-devel-linux-x86_64-debian-gcc