Last updated on 2025-11-16 12:49:25 CET.
| Flavor | Version | Tinstall | Tcheck | Ttotal | Status | Flags |
|---|---|---|---|---|---|---|
| r-devel-linux-x86_64-debian-clang | 1.3.15 | 267.41 | 135.70 | 403.11 | OK | |
| r-devel-linux-x86_64-debian-gcc | 1.3.15 | 228.20 | 123.26 | 351.46 | NOTE | |
| r-devel-linux-x86_64-fedora-clang | 1.3.15 | 1140.00 | -506.18 | 633.82 | NOTE | |
| r-devel-linux-x86_64-fedora-gcc | 1.3.15 | 720.00 | 49.17 | 769.17 | NOTE | |
| r-devel-windows-x86_64 | 1.3.15 | 287.00 | 156.00 | 443.00 | OK | |
| r-patched-linux-x86_64 | 1.3.15 | 309.13 | 155.87 | 465.00 | OK | |
| r-release-linux-x86_64 | 1.3.15 | 300.27 | 155.39 | 455.66 | OK | |
| r-release-macos-arm64 | 1.3.15 | 114.00 | 46.00 | 160.00 | OK | |
| r-release-macos-x86_64 | 1.3.15 | 212.00 | 88.00 | 300.00 | OK | |
| r-release-windows-x86_64 | 1.3.15 | 283.00 | 159.00 | 442.00 | OK | |
| r-oldrel-macos-arm64 | 1.3.15 | 56.00 | 34.00 | 90.00 | NOTE | |
| r-oldrel-macos-x86_64 | 1.3.15 | 66.00 | 50.00 | 116.00 | NOTE | |
| r-oldrel-windows-x86_64 | 1.3.15 | 330.00 | 203.00 | 533.00 | OK |
Version: 1.3.15
Check: CRAN incoming feasibility
Result: NOTE
Maintainer: ‘Matti Vuorre <m.j.vuorre@tilburguniversity.edu>’
The BugReports field in DESCRIPTION has
https://github.com/mvuorre/bmlm/issues/
which should likely be
https://github.com/mvuorre/bmlm/issues/issues
instead.
Flavor: r-devel-linux-x86_64-debian-gcc
Version: 1.3.15
Check: dependencies in R code
Result: NOTE
Namespaces in Imports field not imported from:
‘RcppParallel’ ‘rstantools’
All declared Imports should be used.
Flavors: r-devel-linux-x86_64-fedora-clang, r-devel-linux-x86_64-fedora-gcc
Version: 1.3.15
Check: installed package size
Result: NOTE
installed size is 65.1Mb
sub-directories of 1Mb or more:
libs 64.7Mb
Flavors: r-oldrel-macos-arm64, r-oldrel-macos-x86_64
Version: 1.3.15
Check: for GNU extensions in Makefiles
Result: NOTE
GNU make is a SystemRequirements.
Flavors: r-oldrel-macos-arm64, r-oldrel-macos-x86_64