Last updated on 2024-06-27 16:49:00 CEST.
Flavor | Version | Tinstall | Tcheck | Ttotal | Status | Flags |
---|---|---|---|---|---|---|
r-devel-linux-x86_64-debian-clang | 4.9.4 | NOTE | ||||
r-devel-linux-x86_64-debian-gcc | 4.9.4 | 49.70 | 92.35 | 142.05 | NOTE | |
r-devel-linux-x86_64-fedora-clang | 4.9.4 | 229.97 | NOTE | |||
r-devel-linux-x86_64-fedora-gcc | 4.9.4 | 243.24 | NOTE | |||
r-devel-windows-x86_64 | 4.9.4 | 85.00 | 111.00 | 196.00 | NOTE | |
r-patched-linux-x86_64 | 4.9.4 | 56.76 | 124.19 | 180.95 | OK | |
r-release-linux-x86_64 | 4.9.4 | 56.85 | 121.66 | 178.51 | OK | |
r-release-macos-arm64 | 4.9.4 | 74.00 | OK | |||
r-release-macos-x86_64 | 4.9.4 | 103.00 | OK | |||
r-release-windows-x86_64 | 4.9.4 | 88.00 | 112.00 | 200.00 | OK | |
r-oldrel-macos-arm64 | 4.9.4 | 83.00 | OK | |||
r-oldrel-macos-x86_64 | 4.9.4 | 178.00 | NOTE | |||
r-oldrel-windows-x86_64 | 4.9.4 | 94.00 | 139.00 | 233.00 | OK |
Version: 4.9.4
Check: compiled code
Result: NOTE
File ‘bnlearn/libs/bnlearn.so’:
Found non-API call to R: ‘SET_TYPEOF’
Compiled code should not call non-API entry points in R.
See ‘Writing portable packages’ in the ‘Writing R Extensions’ manual.
Flavors: r-devel-linux-x86_64-debian-clang, r-devel-linux-x86_64-fedora-clang, r-devel-linux-x86_64-fedora-gcc
Version: 4.9.4
Check: compiled code
Result: NOTE
File ‘bnlearn/libs/bnlearn.so’:
Found non-API call to R: ‘SET_TYPEOF’
Compiled code should not call non-API entry points in R.
See ‘Writing portable packages’ in the ‘Writing R Extensions’ manual.
See section ‘Moving into C API compliance’ in the ‘Writing R
Extensions’ manual for issues with use of non-API entry points.
Flavor: r-devel-linux-x86_64-debian-gcc
Version: 4.9.4
Check: compiled code
Result: NOTE
File 'bnlearn/libs/x64/bnlearn.dll':
Found non-API call to R: 'SET_TYPEOF'
Compiled code should not call non-API entry points in R.
See 'Writing portable packages' in the 'Writing R Extensions' manual.
Flavor: r-devel-windows-x86_64
Version: 4.9.4
Check: installed package size
Result: NOTE
installed size is 5.1Mb
sub-directories of 1Mb or more:
data 2.1Mb
libs 1.7Mb
Flavor: r-oldrel-macos-x86_64