Last updated on 2025-11-16 18:49:25 CET.
| Flavor | Version | Tinstall | Tcheck | Ttotal | Status | Flags |
|---|---|---|---|---|---|---|
| r-devel-linux-x86_64-debian-clang | 1.3.13 | 2.10 | 49.80 | 51.90 | NOTE | |
| r-devel-linux-x86_64-debian-gcc | 1.3.13 | 2.27 | 39.16 | 41.43 | NOTE | |
| r-devel-linux-x86_64-fedora-clang | 1.3.13 | 15.00 | 71.06 | 86.06 | OK | |
| r-devel-linux-x86_64-fedora-gcc | 1.3.13 | 91.06 | OK | |||
| r-devel-windows-x86_64 | 1.3.13 | 6.00 | 72.00 | 78.00 | OK | |
| r-patched-linux-x86_64 | 1.3.13 | 3.60 | 46.17 | 49.77 | OK | |
| r-release-linux-x86_64 | 1.3.13 | 2.77 | 47.25 | 50.02 | OK | |
| r-release-macos-arm64 | 1.3.13 | 1.00 | 44.00 | 45.00 | OK | |
| r-release-macos-x86_64 | 1.3.13 | 4.00 | 63.00 | 67.00 | OK | |
| r-release-windows-x86_64 | 1.3.13 | 4.00 | 69.00 | 73.00 | OK | |
| r-oldrel-macos-arm64 | 1.3.13 | 2.00 | 32.00 | 34.00 | OK | |
| r-oldrel-macos-x86_64 | 1.3.13 | 3.00 | 57.00 | 60.00 | OK | |
| r-oldrel-windows-x86_64 | 1.3.13 | 6.00 | 81.00 | 87.00 | OK |
Version: 1.3.13
Check: CRAN incoming feasibility
Result: NOTE
Maintainer: ‘Alejandro Ochoa <alejandro.ochoa@duke.edu>’
Package CITATION file contains call(s) to old-style personList() or
as.personList(). Please use c() on person objects instead.
Flavors: r-devel-linux-x86_64-debian-clang, r-devel-linux-x86_64-debian-gcc