Last updated on 2024-07-13 05:49:09 CEST.
Flavor | Version | Tinstall | Tcheck | Ttotal | Status | Flags |
---|---|---|---|---|---|---|
r-devel-linux-x86_64-debian-clang | 1.1.5 | 8.40 | 85.19 | 93.59 | OK | |
r-devel-linux-x86_64-debian-gcc | 1.1.5 | 7.04 | 63.64 | 70.68 | OK | |
r-devel-linux-x86_64-fedora-clang | 1.1.5 | 117.01 | NOTE | |||
r-devel-linux-x86_64-fedora-gcc | 1.1.5 | 129.41 | NOTE | |||
r-devel-windows-x86_64 | 1.1.5 | 9.00 | 82.00 | 91.00 | OK | |
r-patched-linux-x86_64 | 1.1.5 | 7.35 | 82.00 | 89.35 | OK | |
r-release-linux-x86_64 | 1.1.5 | 7.86 | 81.34 | 89.20 | OK | |
r-release-macos-arm64 | 1.1.5 | 41.00 | OK | |||
r-release-macos-x86_64 | 1.1.5 | 65.00 | OK | |||
r-release-windows-x86_64 | 1.1.5 | 8.00 | 81.00 | 89.00 | OK | |
r-oldrel-macos-arm64 | 1.1.5 | 45.00 | OK | |||
r-oldrel-macos-x86_64 | 1.1.5 | 73.00 | OK | |||
r-oldrel-windows-x86_64 | 1.1.5 | 10.00 | 98.00 | 108.00 | OK |
Version: 1.1.5
Check: dependencies in R code
Result: NOTE
Namespaces in Imports field not imported from:
‘HSAUR3’ ‘knitr’ ‘rmarkdown’
All declared Imports should be used.
Flavors: r-devel-linux-x86_64-fedora-clang, r-devel-linux-x86_64-fedora-gcc