Last updated on 2025-04-29 13:51:18 CEST.
Flavor | Version | Tinstall | Tcheck | Ttotal | Status | Flags |
---|---|---|---|---|---|---|
r-devel-linux-x86_64-debian-clang | 1.4.0 | 1.73 | 18.86 | 20.59 | NOTE | |
r-devel-linux-x86_64-debian-gcc | 1.4.0 | 1.53 | 14.86 | 16.39 | NOTE | |
r-devel-linux-x86_64-fedora-clang | 1.4.0 | 33.97 | OK | |||
r-devel-linux-x86_64-fedora-gcc | 1.4.0 | 31.83 | OK | |||
r-devel-windows-x86_64 | 1.4.0 | 3.00 | 37.00 | 40.00 | OK | |
r-patched-linux-x86_64 | 1.4.0 | 2.11 | 18.17 | 20.28 | OK | |
r-release-linux-x86_64 | 1.4.0 | 1.80 | 18.35 | 20.15 | OK | |
r-release-macos-arm64 | 1.4.0 | 19.00 | OK | |||
r-release-macos-x86_64 | 1.4.0 | 24.00 | OK | |||
r-release-windows-x86_64 | 1.4.0 | 3.00 | 38.00 | 41.00 | OK | |
r-oldrel-macos-arm64 | 1.4.0 | 20.00 | OK | |||
r-oldrel-macos-x86_64 | 1.4.0 | 29.00 | OK | |||
r-oldrel-windows-x86_64 | 1.4.0 | 3.00 | 43.00 | 46.00 | OK |
Version: 1.4.0
Check: CRAN incoming feasibility
Result: NOTE
Maintainer: ‘Shinichiro Tomizono <cowares@gmail.com>’
No Authors@R field in DESCRIPTION.
Please add one, modifying
Authors@R: person(given = "Shinichiro",
family = "Tomizono",
role = c("aut", "cre"),
email = "cowares@gmail.com")
as necessary.
Flavors: r-devel-linux-x86_64-debian-clang, r-devel-linux-x86_64-debian-gcc