CRAN Package Check Results for Package bpmnVisualizationR

Last updated on 2025-11-16 18:49:25 CET.

Flavor Version Tinstall Tcheck Ttotal Status Flags
r-devel-linux-x86_64-debian-clang 0.5.0 2.57 31.27 33.84 OK
r-devel-linux-x86_64-debian-gcc 0.5.0 2.01 25.53 27.54 NOTE
r-devel-linux-x86_64-fedora-clang 0.5.0 51.60 OK
r-devel-linux-x86_64-fedora-gcc 0.5.0 48.77 OK
r-devel-windows-x86_64 0.5.0 7.00 56.00 63.00 OK
r-patched-linux-x86_64 0.5.0 2.79 30.23 33.02 OK
r-release-linux-x86_64 0.5.0 2.61 30.34 32.95 OK
r-release-macos-arm64 0.5.0 2.00 24.00 26.00 OK
r-release-macos-x86_64 0.5.0 2.00 31.00 33.00 OK
r-release-windows-x86_64 0.5.0 5.00 54.00 59.00 OK
r-oldrel-macos-arm64 0.5.0 2.00 20.00 22.00 OK
r-oldrel-macos-x86_64 0.5.0 2.00 27.00 29.00 OK
r-oldrel-windows-x86_64 0.5.0 5.00 62.00 67.00 OK

Check Details

Version: 0.5.0
Check: CRAN incoming feasibility
Result: NOTE Maintainer: ‘Celine Souchet <process.analytics.dev+CRAN@gmail.com>’ The BugReports field in DESCRIPTION has https://github.com/process-analytics/bpmn-visualization-R/issues/ which should likely be https://github.com/process-analytics/bpmn-visualization-R/issues/issues instead. Flavor: r-devel-linux-x86_64-debian-gcc