Last updated on 2024-06-27 10:49:27 CEST.
Flavor | Version | Tinstall | Tcheck | Ttotal | Status | Flags |
---|---|---|---|---|---|---|
r-devel-linux-x86_64-debian-clang | 2.0.3 | OK | ||||
r-devel-linux-x86_64-debian-gcc | 2.0.3 | 62.58 | 57.76 | 120.34 | OK | |
r-devel-linux-x86_64-fedora-clang | 2.0.3 | 241.71 | OK | |||
r-devel-linux-x86_64-fedora-gcc | 2.0.3 | 253.11 | OK | |||
r-devel-windows-x86_64 | 2.0.3 | 70.00 | 108.00 | 178.00 | OK | |
r-patched-linux-x86_64 | 2.0.3 | 78.57 | 77.20 | 155.77 | OK | |
r-release-linux-x86_64 | 2.0.3 | 57.47 | 75.52 | 132.99 | OK | |
r-release-macos-arm64 | 2.0.3 | 58.00 | OK | |||
r-release-macos-x86_64 | 2.0.3 | 93.00 | NOTE | |||
r-release-windows-x86_64 | 2.0.3 | 78.00 | 105.00 | 183.00 | OK | |
r-oldrel-macos-arm64 | 2.0.3 | 66.00 | OK | |||
r-oldrel-macos-x86_64 | 2.0.3 | 93.00 | NOTE | |||
r-oldrel-windows-x86_64 | 2.0.3 | 97.00 | 125.00 | 222.00 | OK |
Version: 2.0.3
Check: installed package size
Result: NOTE
installed size is 5.1Mb
sub-directories of 1Mb or more:
libs 4.6Mb
Flavors: r-release-macos-x86_64, r-oldrel-macos-x86_64