CRAN Package Check Results for Package briqr

Last updated on 2025-04-29 13:51:18 CEST.

Flavor Version Tinstall Tcheck Ttotal Status Flags
r-devel-linux-x86_64-debian-clang 0.1.0 1.41 20.70 22.11 OK
r-devel-linux-x86_64-debian-gcc 0.1.0 1.42 16.79 18.21 OK
r-devel-linux-x86_64-fedora-clang 0.1.0 34.37 OK
r-devel-linux-x86_64-fedora-gcc 0.1.0 31.97 OK
r-devel-windows-x86_64 0.1.0 4.00 41.00 45.00 OK
r-patched-linux-x86_64 0.1.0 1.74 19.53 21.27 OK
r-release-linux-x86_64 0.1.0 1.56 18.83 20.39 OK
r-release-macos-arm64 0.1.0 18.00 OK
r-release-macos-x86_64 0.1.0 25.00 OK
r-release-windows-x86_64 0.1.0 3.00 41.00 44.00 OK
r-oldrel-macos-arm64 0.1.0 17.00 NOTE
r-oldrel-macos-x86_64 0.1.0 23.00 NOTE
r-oldrel-windows-x86_64 0.1.0 4.00 44.00 48.00 NOTE

Check Details

Version: 0.1.0
Check: LazyData
Result: NOTE 'LazyData' is specified without a 'data' directory Flavors: r-oldrel-macos-arm64, r-oldrel-macos-x86_64, r-oldrel-windows-x86_64