Last updated on 2024-06-27 16:49:01 CEST.
Flavor | Version | Tinstall | Tcheck | Ttotal | Status | Flags |
---|---|---|---|---|---|---|
r-devel-linux-x86_64-debian-clang | 0.3.0 | OK | ||||
r-devel-linux-x86_64-debian-gcc | 0.3.0 | 34.85 | 178.33 | 213.18 | OK | |
r-devel-linux-x86_64-fedora-clang | 0.3.0 | 374.93 | OK | |||
r-devel-linux-x86_64-fedora-gcc | 0.3.0 | 362.25 | OK | |||
r-devel-windows-x86_64 | 0.3.0 | 38.00 | 166.00 | 204.00 | OK | |
r-patched-linux-x86_64 | 0.3.0 | 37.81 | 249.35 | 287.16 | OK | |
r-release-linux-x86_64 | 0.3.0 | 37.80 | 246.37 | 284.17 | OK | |
r-release-macos-arm64 | 0.3.0 | 118.00 | OK | |||
r-release-macos-x86_64 | 0.3.0 | 166.00 | OK | |||
r-release-windows-x86_64 | 0.3.0 | 40.00 | 171.00 | 211.00 | OK | |
r-oldrel-macos-arm64 | 0.3.0 | 138.00 | NOTE | |||
r-oldrel-macos-x86_64 | 0.3.0 | 203.00 | OK | |||
r-oldrel-windows-x86_64 | 0.3.0 | 49.00 | 218.00 | 267.00 | OK |
Version: 0.3.0
Check: installed package size
Result: NOTE
installed size is 5.1Mb
sub-directories of 1Mb or more:
data 4.9Mb
Flavor: r-oldrel-macos-arm64