Last updated on 2025-11-16 18:49:25 CET.
| Flavor | Version | Tinstall | Tcheck | Ttotal | Status | Flags |
|---|---|---|---|---|---|---|
| r-devel-linux-x86_64-debian-clang | 0.3.2 | 74.71 | 453.97 | 528.68 | OK | |
| r-devel-linux-x86_64-debian-gcc | 0.3.2 | 50.64 | 301.57 | 352.21 | OK | |
| r-devel-linux-x86_64-fedora-clang | 0.3.2 | 159.00 | 688.26 | 847.26 | OK | |
| r-devel-linux-x86_64-fedora-gcc | 0.3.2 | 315.00 | 570.64 | 885.64 | OK | |
| r-devel-windows-x86_64 | 0.3.2 | 78.00 | 431.00 | 509.00 | OK | |
| r-patched-linux-x86_64 | 0.3.2 | 62.05 | 428.79 | 490.84 | OK | |
| r-release-linux-x86_64 | 0.3.2 | 71.19 | 427.25 | 498.44 | OK | |
| r-release-macos-arm64 | 0.3.2 | 38.00 | 186.00 | 224.00 | OK | |
| r-release-macos-x86_64 | 0.3.2 | 102.00 | 236.00 | 338.00 | OK | |
| r-release-windows-x86_64 | 0.3.2 | 71.00 | 428.00 | 499.00 | OK | |
| r-oldrel-macos-arm64 | 0.3.2 | 35.00 | 161.00 | 196.00 | NOTE | |
| r-oldrel-macos-x86_64 | 0.3.2 | 85.00 | 373.00 | 458.00 | NOTE | |
| r-oldrel-windows-x86_64 | 0.3.2 | 105.00 | 565.00 | 670.00 | NOTE |
Version: 0.3.2
Check: installed package size
Result: NOTE
installed size is 8.4Mb
sub-directories of 1Mb or more:
R 2.1Mb
data 5.3Mb
Flavors: r-oldrel-macos-arm64, r-oldrel-macos-x86_64, r-oldrel-windows-x86_64