CRAN Package Check Results for Package buildr

Last updated on 2025-11-16 00:48:26 CET.

Flavor Version Tinstall Tcheck Ttotal Status Flags
r-devel-linux-x86_64-debian-clang 0.1.1 3.90 40.09 43.99 OK
r-devel-linux-x86_64-debian-gcc 0.1.1 3.14 29.78 32.92 NOTE
r-devel-linux-x86_64-fedora-clang 0.1.1 58.00 15.26 73.26 OK
r-devel-linux-x86_64-fedora-gcc 0.1.1 77.55 OK
r-devel-windows-x86_64 0.1.1 7.00 53.00 60.00 OK
r-patched-linux-x86_64 0.1.1 4.31 36.45 40.76 OK
r-release-linux-x86_64 0.1.1 3.40 36.62 40.02 OK
r-release-macos-arm64 0.1.1 2.00 47.00 49.00 OK
r-release-macos-x86_64 0.1.1 6.00 77.00 83.00 OK
r-release-windows-x86_64 0.1.1 8.00 52.00 60.00 OK
r-oldrel-macos-arm64 0.1.1 2.00 28.00 30.00 OK
r-oldrel-macos-x86_64 0.1.1 5.00 59.00 64.00 OK
r-oldrel-windows-x86_64 0.1.1 8.00 65.00 73.00 OK

Check Details

Version: 0.1.1
Check: CRAN incoming feasibility
Result: NOTE Maintainer: ‘Jan Netik <netikja@gmail.com>’ The BugReports field in DESCRIPTION has https://github.com/netique/buildr/issues/ which should likely be https://github.com/netique/buildr/issues/issues instead. Flavor: r-devel-linux-x86_64-debian-gcc