Last updated on 2025-11-16 18:49:25 CET.
| Flavor | Version | Tinstall | Tcheck | Ttotal | Status | Flags |
|---|---|---|---|---|---|---|
| r-devel-linux-x86_64-debian-clang | 0.2-11 | 15.91 | 147.68 | 163.59 | NOTE | |
| r-devel-linux-x86_64-debian-gcc | 0.2-11 | 10.59 | 109.71 | 120.30 | NOTE | |
| r-devel-linux-x86_64-fedora-clang | 0.2-11 | 36.00 | 217.76 | 253.76 | OK | |
| r-devel-linux-x86_64-fedora-gcc | 0.2-11 | 34.00 | 217.93 | 251.93 | OK | |
| r-devel-windows-x86_64 | 0.2-11 | 19.00 | 147.00 | 166.00 | OK | |
| r-patched-linux-x86_64 | 0.2-11 | 17.08 | 139.91 | 156.99 | OK | |
| r-release-linux-x86_64 | 0.2-11 | 16.41 | 141.29 | 157.70 | OK | |
| r-release-macos-arm64 | 0.2-11 | 8.00 | 71.00 | 79.00 | OK | |
| r-release-macos-x86_64 | 0.2-11 | 14.00 | 185.00 | 199.00 | OK | |
| r-release-windows-x86_64 | 0.2-11 | 17.00 | 146.00 | 163.00 | OK | |
| r-oldrel-macos-arm64 | 0.2-11 | 6.00 | 60.00 | 66.00 | OK | |
| r-oldrel-macos-x86_64 | 0.2-11 | 9.00 | 85.00 | 94.00 | OK | |
| r-oldrel-windows-x86_64 | 0.2-11 | 24.00 | 187.00 | 211.00 | OK |
Version: 0.2-11
Check: CRAN incoming feasibility
Result: NOTE
Maintainer: ‘Zhu Wang <zwang145@uthsc.edu>’
No Authors@R field in DESCRIPTION.
Please add one, modifying
Authors@R: c(person(given = "Zhu",
family = "Wang",
role = c("aut", "cre"),
email = "https://orcid.org/0000-0002-0773-0052"),
person(family = "others",
role = "aut",
comment = "see COPYRIGHTS"))
as necessary.
Flavors: r-devel-linux-x86_64-debian-clang, r-devel-linux-x86_64-debian-gcc