CRAN Package Check Results for Package busdater

Last updated on 2025-11-16 12:49:25 CET.

Flavor Version Tinstall Tcheck Ttotal Status Flags
r-devel-linux-x86_64-debian-clang 0.2.0 2.41 34.98 37.39 OK
r-devel-linux-x86_64-debian-gcc 0.2.0 1.96 28.61 30.57 OK
r-devel-linux-x86_64-fedora-clang 0.2.0 58.28 OK
r-devel-linux-x86_64-fedora-gcc 0.2.0 70.15 OK
r-devel-windows-x86_64 0.2.0 7.00 53.00 60.00 OK
r-patched-linux-x86_64 0.2.0 2.86 33.43 36.29 OK
r-release-linux-x86_64 0.2.0 2.35 33.78 36.13 OK
r-release-macos-arm64 0.2.0 1.00 37.00 38.00 OK
r-release-macos-x86_64 0.2.0 3.00 60.00 63.00 OK
r-release-windows-x86_64 0.2.0 4.00 51.00 55.00 OK
r-oldrel-macos-arm64 0.2.0 1.00 26.00 27.00 NOTE
r-oldrel-macos-x86_64 0.2.0 3.00 48.00 51.00 NOTE
r-oldrel-windows-x86_64 0.2.0 5.00 62.00 67.00 NOTE

Check Details

Version: 0.2.0
Check: LazyData
Result: NOTE 'LazyData' is specified without a 'data' directory Flavors: r-oldrel-macos-arm64, r-oldrel-macos-x86_64, r-oldrel-windows-x86_64