Last updated on 2024-07-13 05:49:09 CEST.
Flavor | Version | Tinstall | Tcheck | Ttotal | Status | Flags |
---|---|---|---|---|---|---|
r-devel-linux-x86_64-debian-clang | 0.2.0 | 3.07 | 42.57 | 45.64 | NOTE | |
r-devel-linux-x86_64-debian-gcc | 0.2.0 | 2.27 | 32.34 | 34.61 | NOTE | |
r-devel-linux-x86_64-fedora-clang | 0.2.0 | 59.05 | NOTE | |||
r-devel-linux-x86_64-fedora-gcc | 0.2.0 | 68.81 | NOTE | |||
r-devel-windows-x86_64 | 0.2.0 | 4.00 | 55.00 | 59.00 | NOTE | |
r-patched-linux-x86_64 | 0.2.0 | 3.56 | 41.03 | 44.59 | NOTE | |
r-release-linux-x86_64 | 0.2.0 | 3.01 | 40.47 | 43.48 | NOTE | |
r-release-macos-arm64 | 0.2.0 | 27.00 | NOTE | |||
r-release-macos-x86_64 | 0.2.0 | 51.00 | NOTE | |||
r-release-windows-x86_64 | 0.2.0 | 3.00 | 52.00 | 55.00 | NOTE | |
r-oldrel-macos-arm64 | 0.2.0 | 29.00 | NOTE | |||
r-oldrel-macos-x86_64 | 0.2.0 | 42.00 | NOTE | |||
r-oldrel-windows-x86_64 | 0.2.0 | 4.00 | 57.00 | 61.00 | NOTE |
Version: 0.2.0
Check: LazyData
Result: NOTE
'LazyData' is specified without a 'data' directory
Flavors: r-devel-linux-x86_64-debian-clang, r-devel-linux-x86_64-debian-gcc, r-devel-linux-x86_64-fedora-clang, r-devel-linux-x86_64-fedora-gcc, r-devel-windows-x86_64, r-patched-linux-x86_64, r-release-linux-x86_64, r-release-macos-arm64, r-release-macos-x86_64, r-release-windows-x86_64, r-oldrel-macos-arm64, r-oldrel-macos-x86_64, r-oldrel-windows-x86_64