Last updated on 2024-06-27 16:49:01 CEST.
Flavor | Version | Tinstall | Tcheck | Ttotal | Status | Flags |
---|---|---|---|---|---|---|
r-devel-linux-x86_64-debian-clang | 0.2.4 | OK | ||||
r-devel-linux-x86_64-debian-gcc | 0.2.4 | 351.70 | 198.54 | 550.24 | OK | |
r-devel-linux-x86_64-fedora-clang | 0.2.4 | 1008.55 | OK | |||
r-devel-linux-x86_64-fedora-gcc | 0.2.4 | 1136.49 | OK | |||
r-devel-windows-x86_64 | 0.2.4 | 361.00 | 229.00 | 590.00 | OK | |
r-patched-linux-x86_64 | 0.2.4 | 414.20 | 253.35 | 667.55 | OK | |
r-release-linux-x86_64 | 0.2.4 | 421.59 | 254.68 | 676.27 | OK | |
r-release-macos-arm64 | 0.2.4 | 229.00 | NOTE | |||
r-release-macos-x86_64 | 0.2.4 | 267.00 | NOTE | |||
r-release-windows-x86_64 | 0.2.4 | 380.00 | 235.00 | 615.00 | OK | |
r-oldrel-macos-arm64 | 0.2.4 | 235.00 | NOTE | |||
r-oldrel-macos-x86_64 | 0.2.4 | 358.00 | NOTE | |||
r-oldrel-windows-x86_64 | 0.2.4 | 437.00 | 286.00 | 723.00 | OK |
Version: 0.2.4
Check: installed package size
Result: NOTE
installed size is 22.4Mb
sub-directories of 1Mb or more:
libs 20.9Mb
Flavors: r-release-macos-arm64, r-release-macos-x86_64, r-oldrel-macos-arm64, r-oldrel-macos-x86_64