Last updated on 2025-11-16 00:48:26 CET.
| Flavor | Version | Tinstall | Tcheck | Ttotal | Status | Flags |
|---|---|---|---|---|---|---|
| r-devel-linux-x86_64-debian-clang | 0.2.2 | 12.06 | 97.22 | 109.28 | OK | |
| r-devel-linux-x86_64-debian-gcc | 0.2.2 | 8.56 | 71.85 | 80.41 | OK | |
| r-devel-linux-x86_64-fedora-clang | 0.2.2 | 25.00 | 143.36 | 168.36 | NOTE | |
| r-devel-linux-x86_64-fedora-gcc | 0.2.2 | 24.00 | 133.14 | 157.14 | NOTE | |
| r-devel-windows-x86_64 | 0.2.2 | 15.00 | 97.00 | 112.00 | OK | |
| r-patched-linux-x86_64 | 0.2.2 | 10.78 | 92.08 | 102.86 | OK | |
| r-release-linux-x86_64 | 0.2.2 | 10.86 | 90.28 | 101.14 | OK | |
| r-release-macos-arm64 | 0.2.2 | 6.00 | 62.00 | 68.00 | OK | |
| r-release-macos-x86_64 | 0.2.2 | 8.00 | 72.00 | 80.00 | OK | |
| r-release-windows-x86_64 | 0.2.2 | 13.00 | 96.00 | 109.00 | OK | |
| r-oldrel-macos-arm64 | 0.2.2 | 5.00 | 38.00 | 43.00 | OK | |
| r-oldrel-macos-x86_64 | 0.2.2 | 13.00 | 123.00 | 136.00 | OK | |
| r-oldrel-windows-x86_64 | 0.2.2 | 17.00 | 126.00 | 143.00 | OK |
Version: 0.2.2
Check: dependencies in R code
Result: NOTE
Namespace in Imports field not imported from: ‘markdown’
All declared Imports should be used.
Flavors: r-devel-linux-x86_64-fedora-clang, r-devel-linux-x86_64-fedora-gcc