Last updated on 2025-07-18 07:49:26 CEST.
Flavor | Version | Tinstall | Tcheck | Ttotal | Status | Flags |
---|---|---|---|---|---|---|
r-devel-linux-x86_64-debian-clang | 0.0.3 | 4.28 | 38.59 | 42.87 | OK | |
r-devel-linux-x86_64-debian-gcc | 0.0.3 | 2.94 | 29.04 | 31.98 | OK | |
r-devel-linux-x86_64-fedora-clang | 0.0.3 | 65.48 | OK | |||
r-devel-linux-x86_64-fedora-gcc | 0.0.3 | 74.40 | OK | |||
r-devel-windows-x86_64 | 0.0.3 | 5.00 | 61.00 | 66.00 | OK | |
r-patched-linux-x86_64 | 0.0.3 | 4.18 | 35.31 | 39.49 | OK | |
r-release-linux-x86_64 | 0.0.3 | 3.57 | 34.93 | 38.50 | OK | |
r-release-macos-arm64 | 0.0.3 | 37.00 | OK | |||
r-release-macos-x86_64 | 0.0.3 | 57.00 | OK | |||
r-release-windows-x86_64 | 0.0.3 | 7.00 | 55.00 | 62.00 | OK | |
r-oldrel-macos-arm64 | 0.0.3 | 29.00 | NOTE | |||
r-oldrel-macos-x86_64 | 0.0.3 | 49.00 | NOTE | |||
r-oldrel-windows-x86_64 | 0.0.3 | 7.00 | 66.00 | 73.00 | NOTE |
Version: 0.0.3
Check: LazyData
Result: NOTE
'LazyData' is specified without a 'data' directory
Flavors: r-oldrel-macos-arm64, r-oldrel-macos-x86_64, r-oldrel-windows-x86_64