Last updated on 2025-07-19 14:48:22 CEST.
Flavor | Version | Tinstall | Tcheck | Ttotal | Status | Flags |
---|---|---|---|---|---|---|
r-devel-linux-x86_64-debian-clang | 2.0.0 | 11.92 | 29.79 | 41.71 | OK | |
r-devel-linux-x86_64-debian-gcc | 2.0.0 | 9.52 | 23.36 | 32.88 | OK | |
r-devel-linux-x86_64-fedora-clang | 2.0.0 | 64.18 | NOTE | |||
r-devel-linux-x86_64-fedora-gcc | 2.0.0 | 61.08 | NOTE | |||
r-devel-windows-x86_64 | 2.0.0 | 15.00 | 58.00 | 73.00 | OK | |
r-patched-linux-x86_64 | 2.0.0 | 12.26 | 27.94 | 40.20 | OK | |
r-release-linux-x86_64 | 2.0.0 | 11.16 | 28.45 | 39.61 | OK | |
r-release-macos-arm64 | 2.0.0 | 29.00 | OK | |||
r-release-macos-x86_64 | 2.0.0 | 73.00 | OK | |||
r-release-windows-x86_64 | 2.0.0 | 14.00 | 55.00 | 69.00 | OK | |
r-oldrel-macos-arm64 | 2.0.0 | 29.00 | OK | |||
r-oldrel-macos-x86_64 | 2.0.0 | 41.00 | OK | |||
r-oldrel-windows-x86_64 | 2.0.0 | 18.00 | 66.00 | 84.00 | OK |
Version: 2.0.0
Check: dependencies in R code
Result: NOTE
Namespace in Imports field not imported from: ‘sf’
All declared Imports should be used.
Flavors: r-devel-linux-x86_64-fedora-clang, r-devel-linux-x86_64-fedora-gcc