Last updated on 2024-07-13 05:49:09 CEST.
Flavor | Version | Tinstall | Tcheck | Ttotal | Status | Flags |
---|---|---|---|---|---|---|
r-devel-linux-x86_64-debian-clang | 1.8.2 | 140.37 | 234.46 | 374.83 | OK | |
r-devel-linux-x86_64-debian-gcc | 1.8.2 | 126.33 | 164.19 | 290.52 | OK | |
r-devel-linux-x86_64-fedora-clang | 1.8.2 | 498.61 | OK | |||
r-devel-linux-x86_64-fedora-gcc | 1.8.2 | 542.71 | OK | |||
r-devel-windows-x86_64 | 1.8.2 | 115.00 | 208.00 | 323.00 | OK | |
r-patched-linux-x86_64 | 1.8.2 | 148.73 | 217.10 | 365.83 | OK | |
r-release-linux-x86_64 | 1.8.2 | 135.95 | 213.64 | 349.59 | OK | |
r-release-macos-arm64 | 1.8.2 | 119.00 | NOTE | |||
r-release-macos-x86_64 | 1.8.2 | 351.00 | NOTE | |||
r-release-windows-x86_64 | 1.8.2 | 113.00 | 217.00 | 330.00 | OK | |
r-oldrel-macos-arm64 | 1.8.2 | 168.00 | NOTE | |||
r-oldrel-macos-x86_64 | 1.8.2 | 260.00 | NOTE | |||
r-oldrel-windows-x86_64 | 1.8.2 | 144.00 | 268.00 | 412.00 | OK |
Version: 1.8.2
Check: installed package size
Result: NOTE
installed size is 22.2Mb
sub-directories of 1Mb or more:
R 2.0Mb
libs 19.3Mb
Flavors: r-release-macos-arm64, r-release-macos-x86_64, r-oldrel-macos-arm64, r-oldrel-macos-x86_64