Last updated on 2024-08-14 11:48:34 CEST.
Flavor | Version | Tinstall | Tcheck | Ttotal | Status | Flags |
---|---|---|---|---|---|---|
r-devel-linux-x86_64-debian-clang | 1.0.2 | 3.59 | 34.95 | 38.54 | OK | |
r-devel-linux-x86_64-debian-gcc | 1.0.2 | 2.03 | 23.90 | 25.93 | OK | |
r-devel-linux-x86_64-fedora-clang | 1.0.2 | 60.16 | NOTE | |||
r-devel-linux-x86_64-fedora-gcc | 1.0.2 | 56.64 | NOTE | |||
r-devel-windows-x86_64 | 1.0.2 | 5.00 | 51.00 | 56.00 | OK | |
r-patched-linux-x86_64 | 1.0.2 | 3.30 | 32.26 | 35.56 | OK | |
r-release-linux-x86_64 | 1.0.2 | 3.13 | 32.27 | 35.40 | OK | |
r-release-macos-arm64 | 1.0.2 | 21.00 | OK | |||
r-release-macos-x86_64 | 1.0.2 | 41.00 | OK | |||
r-release-windows-x86_64 | 1.0.2 | 4.00 | 50.00 | 54.00 | OK | |
r-oldrel-macos-arm64 | 1.0.2 | 20.00 | OK | |||
r-oldrel-macos-x86_64 | 1.0.2 | 30.00 | OK | |||
r-oldrel-windows-x86_64 | 1.0.2 | 6.00 | 57.00 | 63.00 | OK |
Version: 1.0.2
Check: dependencies in R code
Result: NOTE
Namespaces in Imports field not imported from:
‘epitools’ ‘forcats’ ‘purrr’
All declared Imports should be used.
Flavors: r-devel-linux-x86_64-fedora-clang, r-devel-linux-x86_64-fedora-gcc