Last updated on 2024-07-13 05:49:09 CEST.
Flavor | Version | Tinstall | Tcheck | Ttotal | Status | Flags |
---|---|---|---|---|---|---|
r-devel-linux-x86_64-debian-clang | 1.0.2 | 8.43 | 241.00 | 249.43 | NOTE | |
r-devel-linux-x86_64-debian-gcc | 1.0.2 | 7.24 | 177.94 | 185.18 | NOTE | |
r-devel-linux-x86_64-fedora-clang | 1.0.2 | 307.55 | NOTE | |||
r-devel-linux-x86_64-fedora-gcc | 1.0.2 | 311.74 | NOTE | |||
r-devel-windows-x86_64 | 1.0.2 | 13.00 | 211.00 | 224.00 | NOTE | |
r-patched-linux-x86_64 | 1.0.2 | 15.43 | 241.74 | 257.17 | OK | |
r-release-linux-x86_64 | 1.0.2 | 8.22 | 237.22 | 245.44 | OK | |
r-release-macos-arm64 | 1.0.2 | 89.00 | OK | |||
r-release-macos-x86_64 | 1.0.2 | 119.00 | OK | |||
r-release-windows-x86_64 | 1.0.2 | 12.00 | 212.00 | 224.00 | OK | |
r-oldrel-macos-arm64 | 1.0.2 | 89.00 | OK | |||
r-oldrel-macos-x86_64 | 1.0.2 | 206.00 | OK | |||
r-oldrel-windows-x86_64 | 1.0.2 | 15.00 | 248.00 | 263.00 | OK |
Version: 1.0.2
Check: compiled code
Result: NOTE
File ‘cauphy/libs/cauphy.so’:
Found non-API call to R: ‘SET_TYPEOF’
Compiled code should not call non-API entry points in R.
See ‘Writing portable packages’ in the ‘Writing R Extensions’ manual,
and section ‘Moving into C API compliance’ for issues with the use of
non-API entry points.
Flavors: r-devel-linux-x86_64-debian-clang, r-devel-linux-x86_64-debian-gcc, r-devel-linux-x86_64-fedora-clang, r-devel-linux-x86_64-fedora-gcc
Version: 1.0.2
Check: Rd cross-references
Result: NOTE
Found the following Rd file(s) with Rd \link{} targets missing package
anchors:
cauphylm.Rd: nloptr
fitCauchy.Rd: nloptr
fitCauchy.internal.Rd: nloptr
fit_function.Rd: nloptr
hdi.ancestralCauchy.Rd: HDInterval
printRTreeTest.Rd: ape
rTraitCauchy.Rd: ape
simulateTipsCauchy.Rd: ape
Please provide package anchors for all Rd \link{} targets not in the
package itself and the base packages.
Flavor: r-devel-windows-x86_64
Version: 1.0.2
Check: compiled code
Result: NOTE
File 'cauphy/libs/x64/cauphy.dll':
Found non-API call to R: 'SET_TYPEOF'
Compiled code should not call non-API entry points in R.
See 'Writing portable packages' in the 'Writing R Extensions' manual,
and section 'Moving into C API compliance' for issues with the use of
non-API entry points.
Flavor: r-devel-windows-x86_64