Last updated on 2025-04-29 19:50:27 CEST.
Flavor | Version | Tinstall | Tcheck | Ttotal | Status | Flags |
---|---|---|---|---|---|---|
r-devel-linux-x86_64-debian-clang | 3.0.4 | 8.71 | 66.65 | 75.36 | NOTE | |
r-devel-linux-x86_64-debian-gcc | 3.0.4 | 4.69 | 45.80 | 50.49 | NOTE | |
r-devel-linux-x86_64-fedora-clang | 3.0.4 | 110.39 | OK | |||
r-devel-linux-x86_64-fedora-gcc | 3.0.4 | 102.32 | OK | |||
r-devel-windows-x86_64 | 3.0.4 | 10.00 | 85.00 | 95.00 | OK | |
r-patched-linux-x86_64 | 3.0.4 | 7.86 | 61.92 | 69.78 | OK | |
r-release-linux-x86_64 | 3.0.4 | 7.60 | 61.44 | 69.04 | OK | |
r-release-macos-arm64 | 3.0.4 | 38.00 | OK | |||
r-release-macos-x86_64 | 3.0.4 | 83.00 | OK | |||
r-release-windows-x86_64 | 3.0.4 | 11.00 | 86.00 | 97.00 | OK | |
r-oldrel-macos-arm64 | 3.0.4 | 43.00 | OK | |||
r-oldrel-macos-x86_64 | 3.0.4 | 71.00 | OK | |||
r-oldrel-windows-x86_64 | 3.0.4 | 13.00 | 102.00 | 115.00 | OK |
Version: 3.0.4
Check: examples
Result: NOTE
Examples with CPU (user + system) or elapsed time > 5s
user system elapsed
cccUst 6.266 0.076 7.814
Flavor: r-devel-linux-x86_64-debian-clang
Version: 3.0.4
Check: examples
Result: NOTE
Examples with CPU (user + system) or elapsed time > 5s
user system elapsed
cccUst 3.487 0.069 5.115
Flavor: r-devel-linux-x86_64-debian-gcc