Last updated on 2025-11-16 18:49:25 CET.
| Flavor | Version | Tinstall | Tcheck | Ttotal | Status | Flags |
|---|---|---|---|---|---|---|
| r-devel-linux-x86_64-debian-clang | 1.2.0 | 2.89 | 113.01 | 115.90 | NOTE | |
| r-devel-linux-x86_64-debian-gcc | 1.2.0 | 2.14 | 75.70 | 77.84 | NOTE | |
| r-devel-linux-x86_64-fedora-clang | 1.2.0 | 16.00 | 195.80 | 211.80 | NOTE | |
| r-devel-linux-x86_64-fedora-gcc | 1.2.0 | 14.00 | 199.02 | 213.02 | NOTE | |
| r-devel-windows-x86_64 | 1.2.0 | 6.00 | 139.00 | 145.00 | NOTE | |
| r-patched-linux-x86_64 | 1.2.0 | 3.13 | 107.97 | 111.10 | OK | |
| r-release-linux-x86_64 | 1.2.0 | 3.06 | 109.88 | 112.94 | OK | |
| r-release-macos-arm64 | 1.2.0 | 1.00 | 53.00 | 54.00 | OK | |
| r-release-macos-x86_64 | 1.2.0 | 3.00 | 133.00 | 136.00 | OK | |
| r-release-windows-x86_64 | 1.2.0 | 4.00 | 139.00 | 143.00 | OK | |
| r-oldrel-macos-arm64 | 1.2.0 | 1.00 | 50.00 | 51.00 | OK | |
| r-oldrel-macos-x86_64 | 1.2.0 | 2.00 | 119.00 | 121.00 | OK | |
| r-oldrel-windows-x86_64 | 1.2.0 | 5.00 | 181.00 | 186.00 | OK |
Version: 1.2.0
Check: CRAN incoming feasibility
Result: NOTE
Maintainer: ‘Andreas Anastasiou <anastasiou.andreas@ucy.ac.cy>’
Package CITATION file contains call(s) to old-style personList() or
as.personList(). Please use c() on person objects instead.
Package CITATION file contains call(s) to old-style citEntry(). Please
use bibentry() instead.
Flavors: r-devel-linux-x86_64-debian-clang, r-devel-linux-x86_64-debian-gcc
Version: 1.2.0
Check: Rd files
Result: NOTE
checkRd: (-1) detect.ic.Rd:68-74: Only 2 columns allowed in this table (row 1 has 1)
checkRd: (-1) detect.th.Rd:64-71: Only 2 columns allowed in this table (row 1 has 1)
checkRd: (-1) match.cpt.ts.Rd:45-55: Only 2 columns allowed in this table (row 1 has 1)
Flavors: r-devel-linux-x86_64-debian-clang, r-devel-windows-x86_64
Version: 1.2.0
Check: dependencies in R code
Result: NOTE
Namespace in Imports field not imported from: ‘GeneNet’
All declared Imports should be used.
Flavors: r-devel-linux-x86_64-fedora-clang, r-devel-linux-x86_64-fedora-gcc