Last updated on 2024-07-13 11:49:09 CEST.
Flavor | Version | Tinstall | Tcheck | Ttotal | Status | Flags |
---|---|---|---|---|---|---|
r-devel-linux-x86_64-debian-clang | 1.0.1 | 18.07 | 142.22 | 160.29 | OK | |
r-devel-linux-x86_64-debian-gcc | 1.0.1 | 12.45 | 109.52 | 121.97 | OK | |
r-devel-linux-x86_64-fedora-clang | 1.0.1 | 210.72 | NOTE | |||
r-devel-linux-x86_64-fedora-gcc | 1.0.1 | 203.98 | OK | |||
r-devel-windows-x86_64 | 1.0.1 | 19.00 | 118.00 | 137.00 | OK | |
r-patched-linux-x86_64 | 1.0.1 | 14.56 | 139.75 | 154.31 | OK | |
r-release-linux-x86_64 | 1.0.1 | 12.66 | 135.76 | 148.42 | OK | |
r-release-macos-arm64 | 1.0.1 | 65.00 | OK | |||
r-release-macos-x86_64 | 1.0.1 | 98.00 | OK | |||
r-release-windows-x86_64 | 1.0.1 | 16.00 | 118.00 | 134.00 | OK | |
r-oldrel-macos-arm64 | 1.0.1 | 71.00 | OK | |||
r-oldrel-macos-x86_64 | 1.0.1 | 109.00 | OK | |||
r-oldrel-windows-x86_64 | 1.0.1 | 22.00 | 144.00 | 166.00 | OK |
Version: 1.0.1
Check: whether startup messages can be suppressed
Result: NOTE
OMP: Warning #96: Cannot form a team with 24 threads, using 2 instead.
OMP: Hint Consider unsetting KMP_DEVICE_THREAD_LIMIT (KMP_ALL_THREADS), KMP_TEAMS_THREAD_LIMIT, and OMP_THREAD_LIMIT (if any are set).
It looks like this package (or a package it requires) has a startup
message which cannot be suppressed: see ?packageStartupMessage.
Flavor: r-devel-linux-x86_64-fedora-clang