Last updated on 2025-11-16 00:48:26 CET.
| Flavor | Version | Tinstall | Tcheck | Ttotal | Status | Flags |
|---|---|---|---|---|---|---|
| r-devel-linux-x86_64-debian-clang | 0.6.2 | 1.99 | 23.25 | 25.24 | OK | |
| r-devel-linux-x86_64-debian-gcc | 0.6.2 | 1.58 | 18.42 | 20.00 | NOTE | |
| r-devel-linux-x86_64-fedora-clang | 0.6.2 | 36.49 | OK | |||
| r-devel-linux-x86_64-fedora-gcc | 0.6.2 | 34.71 | OK | |||
| r-devel-windows-x86_64 | 0.6.2 | 5.00 | 42.00 | 47.00 | OK | |
| r-patched-linux-x86_64 | 0.6.2 | 2.06 | 21.60 | 23.66 | OK | |
| r-release-linux-x86_64 | 0.6.2 | 1.47 | 21.37 | 22.84 | OK | |
| r-release-macos-arm64 | 0.6.2 | 1.00 | 19.00 | 20.00 | OK | |
| r-release-macos-x86_64 | 0.6.2 | 2.00 | 25.00 | 27.00 | OK | |
| r-release-windows-x86_64 | 0.6.2 | 4.00 | 41.00 | 45.00 | OK | |
| r-oldrel-macos-arm64 | 0.6.2 | 1.00 | 15.00 | 16.00 | OK | |
| r-oldrel-macos-x86_64 | 0.6.2 | 2.00 | 21.00 | 23.00 | OK | |
| r-oldrel-windows-x86_64 | 0.6.2 | 5.00 | 46.00 | 51.00 | OK |
Version: 0.6.2
Check: CRAN incoming feasibility
Result: NOTE
Maintainer: ‘Mauricio Vargas <mavargas11@uc.cl>’
The BugReports field in DESCRIPTION has
https://github.com/ropensci/censo2017/issues/
which should likely be
https://github.com/ropensci/censo2017/issues/issues
instead.
Flavor: r-devel-linux-x86_64-debian-gcc