Last updated on 2025-11-16 06:49:32 CET.
| Flavor | Version | Tinstall | Tcheck | Ttotal | Status | Flags |
|---|---|---|---|---|---|---|
| r-devel-linux-x86_64-debian-clang | 0.1 | 1.73 | 14.73 | 16.46 | OK | |
| r-devel-linux-x86_64-debian-gcc | 0.1 | 1.45 | 12.59 | 14.04 | NOTE | |
| r-devel-linux-x86_64-fedora-clang | 0.1 | 11.00 | 14.47 | 25.47 | OK | |
| r-devel-linux-x86_64-fedora-gcc | 0.1 | 24.92 | OK | |||
| r-devel-windows-x86_64 | 0.1 | 5.00 | 33.00 | 38.00 | OK | |
| r-patched-linux-x86_64 | 0.1 | 1.61 | 13.92 | 15.53 | OK | |
| r-release-linux-x86_64 | 0.1 | 1.67 | 13.69 | 15.36 | OK | |
| r-release-macos-arm64 | 0.1 | 1.00 | 13.00 | 14.00 | OK | |
| r-release-macos-x86_64 | 0.1 | 2.00 | 20.00 | 22.00 | OK | |
| r-release-windows-x86_64 | 0.1 | 3.00 | 33.00 | 36.00 | OK | |
| r-oldrel-macos-arm64 | 0.1 | 1.00 | 18.00 | 19.00 | OK | |
| r-oldrel-macos-x86_64 | 0.1 | 2.00 | 20.00 | 22.00 | OK | |
| r-oldrel-windows-x86_64 | 0.1 | 4.00 | 37.00 | 41.00 | OK |
Version: 0.1
Check: CRAN incoming feasibility
Result: NOTE
Maintainer: ‘Mauricio Vargas <mvargas@dcc.uchile.cl>’
The BugReports field in DESCRIPTION has
https://github.com/pachamaltese/cepiigeodist/issues/
which should likely be
https://github.com/pachamaltese/cepiigeodist/issues/issues
instead.
Flavor: r-devel-linux-x86_64-debian-gcc