Last updated on 2024-07-13 05:49:10 CEST.
Flavor | Version | Tinstall | Tcheck | Ttotal | Status | Flags |
---|---|---|---|---|---|---|
r-devel-linux-x86_64-debian-clang | 0.1.0 | 9.71 | 579.75 | 589.46 | OK | |
r-devel-linux-x86_64-debian-gcc | 0.1.0 | 6.84 | 381.94 | 388.78 | OK | |
r-devel-linux-x86_64-fedora-clang | 0.1.0 | 451.94 | OK | |||
r-devel-linux-x86_64-fedora-gcc | 0.1.0 | 107.50 | OK | |||
r-devel-windows-x86_64 | 0.1.0 | 12.00 | 130.00 | 142.00 | OK | |
r-release-macos-arm64 | 0.1.0 | 8.00 | ERROR | |||
r-release-macos-x86_64 | 0.1.0 | 16.00 | ERROR | |||
r-release-windows-x86_64 | 0.1.0 | 13.00 | 133.00 | 146.00 | OK | |
r-oldrel-macos-arm64 | 0.1.0 | 14.00 | ERROR | |||
r-oldrel-macos-x86_64 | 0.1.0 | 23.00 | ERROR |
Version: 0.1.0
Check: whether package can be installed
Result: ERROR
Installation failed.
Flavors: r-release-macos-arm64, r-release-macos-x86_64, r-oldrel-macos-arm64, r-oldrel-macos-x86_64