Last updated on 2025-04-30 07:55:03 CEST.
Flavor | Version | Tinstall | Tcheck | Ttotal | Status | Flags |
---|---|---|---|---|---|---|
r-devel-linux-x86_64-debian-clang | 0.6.1 | 12.14 | 268.47 | 280.61 | NOTE | |
r-devel-linux-x86_64-debian-gcc | 0.6.1 | 7.99 | 180.71 | 188.70 | OK | |
r-devel-linux-x86_64-fedora-clang | 0.6.1 | 456.48 | OK | |||
r-devel-linux-x86_64-fedora-gcc | 0.6.1 | 430.69 | OK | |||
r-devel-windows-x86_64 | 0.6.1 | 13.00 | 231.00 | 244.00 | OK | |
r-patched-linux-x86_64 | 0.6.1 | 12.74 | 259.06 | 271.80 | OK | |
r-release-linux-x86_64 | 0.6.1 | 11.94 | 258.23 | 270.17 | OK | |
r-release-macos-arm64 | 0.6.1 | 226.00 | OK | |||
r-release-macos-x86_64 | 0.6.1 | 241.00 | OK | |||
r-release-windows-x86_64 | 0.6.1 | 13.00 | 241.00 | 254.00 | OK | |
r-oldrel-macos-arm64 | 0.6.1 | 119.00 | NOTE | |||
r-oldrel-macos-x86_64 | 0.6.1 | 169.00 | NOTE | |||
r-oldrel-windows-x86_64 | 0.6.1 | 18.00 | 314.00 | 332.00 | NOTE |
Version: 0.6.1
Check: examples
Result: NOTE
Examples with CPU (user + system) or elapsed time > 5s
user system elapsed
add_ci 4.470 0.075 5.642
add_quantile.lmerMod 3.739 0.066 5.099
Flavor: r-devel-linux-x86_64-debian-clang
Version: 0.6.1
Check: LazyData
Result: NOTE
'LazyData' is specified without a 'data' directory
Flavors: r-oldrel-macos-arm64, r-oldrel-macos-x86_64, r-oldrel-windows-x86_64