Last updated on 2025-11-16 06:49:32 CET.
| Flavor | Version | Tinstall | Tcheck | Ttotal | Status | Flags |
|---|---|---|---|---|---|---|
| r-devel-linux-x86_64-debian-clang | 0.0.2 | 50.00 | 149.69 | 199.69 | OK | |
| r-devel-linux-x86_64-debian-gcc | 0.0.2 | 37.36 | 115.95 | 153.31 | OK | |
| r-devel-linux-x86_64-fedora-clang | 0.0.2 | 256.00 | 120.36 | 376.36 | OK | |
| r-devel-linux-x86_64-fedora-gcc | 0.0.2 | 108.00 | 218.53 | 326.53 | OK | |
| r-devel-windows-x86_64 | 0.0.2 | 69.00 | 147.00 | 216.00 | OK | |
| r-patched-linux-x86_64 | 0.0.2 | 47.02 | 145.81 | 192.83 | OK | |
| r-release-linux-x86_64 | 0.0.2 | 45.48 | 144.55 | 190.03 | OK | |
| r-release-macos-arm64 | 0.0.2 | 20.00 | 39.00 | 59.00 | OK | |
| r-release-macos-x86_64 | 0.0.2 | 23.00 | 61.00 | 84.00 | OK | |
| r-release-windows-x86_64 | 0.0.2 | 54.00 | 147.00 | 201.00 | OK | |
| r-oldrel-macos-arm64 | 0.0.2 | 14.00 | 39.00 | 53.00 | NOTE | |
| r-oldrel-macos-x86_64 | 0.0.2 | 44.00 | 80.00 | 124.00 | NOTE | |
| r-oldrel-windows-x86_64 | 0.0.2 | 77.00 | 191.00 | 268.00 | OK |
Version: 0.0.2
Check: installed package size
Result: NOTE
installed size is 5.8Mb
sub-directories of 1Mb or more:
data 2.8Mb
libs 2.8Mb
Flavors: r-oldrel-macos-arm64, r-oldrel-macos-x86_64