Last updated on 2024-06-27 16:49:01 CEST.
Flavor | Version | Tinstall | Tcheck | Ttotal | Status | Flags |
---|---|---|---|---|---|---|
r-devel-linux-x86_64-debian-clang | 1.0-8 | NOTE | ||||
r-devel-linux-x86_64-debian-gcc | 1.0-8 | 22.50 | 170.41 | 192.91 | NOTE | |
r-devel-linux-x86_64-fedora-clang | 1.0-8 | 327.22 | NOTE | |||
r-devel-linux-x86_64-fedora-gcc | 1.0-8 | 347.97 | NOTE | |||
r-devel-windows-x86_64 | 1.0-8 | 26.00 | 207.00 | 233.00 | NOTE | |
r-patched-linux-x86_64 | 1.0-8 | 28.47 | 221.50 | 249.97 | NOTE | |
r-release-linux-x86_64 | 1.0-8 | 30.16 | 221.88 | 252.04 | NOTE | |
r-release-macos-arm64 | 1.0-8 | 86.00 | NOTE | |||
r-release-macos-x86_64 | 1.0-8 | 137.00 | NOTE | |||
r-release-windows-x86_64 | 1.0-8 | 27.00 | 214.00 | 241.00 | NOTE | |
r-oldrel-macos-arm64 | 1.0-8 | 102.00 | NOTE | |||
r-oldrel-macos-x86_64 | 1.0-8 | 183.00 | NOTE | |||
r-oldrel-windows-x86_64 | 1.0-8 | 34.00 | 283.00 | 317.00 | NOTE |
Version: 1.0-8
Check: C++ specification
Result: NOTE
Specified C++11: please drop specification unless essential
Flavors: r-devel-linux-x86_64-debian-clang, r-devel-linux-x86_64-debian-gcc, r-devel-linux-x86_64-fedora-clang, r-devel-linux-x86_64-fedora-gcc, r-devel-windows-x86_64, r-patched-linux-x86_64, r-release-linux-x86_64, r-release-macos-arm64, r-release-macos-x86_64, r-release-windows-x86_64, r-oldrel-macos-arm64, r-oldrel-macos-x86_64, r-oldrel-windows-x86_64