Last updated on 2024-06-27 16:49:01 CEST.
Flavor | Version | Tinstall | Tcheck | Ttotal | Status | Flags |
---|---|---|---|---|---|---|
r-devel-linux-x86_64-debian-clang | 3.2-5 | NOTE | ||||
r-devel-linux-x86_64-debian-gcc | 3.2-5 | 9.73 | 78.01 | 87.74 | NOTE | |
r-devel-linux-x86_64-fedora-clang | 3.2-5 | 148.97 | NOTE | |||
r-devel-linux-x86_64-fedora-gcc | 3.2-5 | 164.69 | NOTE | |||
r-devel-windows-x86_64 | 3.2-5 | 11.00 | 98.00 | 109.00 | NOTE | |
r-patched-linux-x86_64 | 3.2-5 | 10.45 | 101.72 | 112.17 | NOTE | |
r-release-linux-x86_64 | 3.2-5 | 10.63 | 101.42 | 112.05 | NOTE | |
r-release-macos-arm64 | 3.2-5 | 48.00 | NOTE | |||
r-release-macos-x86_64 | 3.2-5 | 73.00 | NOTE | |||
r-release-windows-x86_64 | 3.2-5 | 12.00 | 100.00 | 112.00 | NOTE | |
r-oldrel-macos-arm64 | 3.2-5 | 51.00 | OK | |||
r-oldrel-macos-x86_64 | 3.2-5 | 83.00 | OK | |||
r-oldrel-windows-x86_64 | 3.2-5 | 14.00 | 114.00 | 128.00 | OK |
Version: 3.2-5
Check: Rd files
Result: NOTE
checkRd: (-1) cf_save_kml.Rd:68: Lost braces
68 | \code{\link{cf_find_station}} and code{vignette("choose-station")} for
| ^
Flavors: r-devel-linux-x86_64-debian-clang, r-devel-linux-x86_64-debian-gcc, r-devel-linux-x86_64-fedora-clang, r-devel-linux-x86_64-fedora-gcc, r-devel-windows-x86_64, r-patched-linux-x86_64, r-release-linux-x86_64, r-release-macos-arm64, r-release-macos-x86_64, r-release-windows-x86_64