CRAN Package Check Results for Package climetrics

Last updated on 2025-11-16 12:49:26 CET.

Flavor Version Tinstall Tcheck Ttotal Status Flags
r-devel-linux-x86_64-debian-clang 1.0-15 33.80 273.68 307.48 OK
r-devel-linux-x86_64-debian-gcc 1.0-15 22.16 177.18 199.34 NOTE
r-devel-linux-x86_64-fedora-clang 1.0-15 70.00 429.18 499.18 OK
r-devel-linux-x86_64-fedora-gcc 1.0-15 68.00 424.58 492.58 OK
r-devel-windows-x86_64 1.0-15 32.00 224.00 256.00 OK
r-patched-linux-x86_64 1.0-15 35.88 269.22 305.10 OK
r-release-linux-x86_64 1.0-15 31.48 268.95 300.43 OK
r-release-macos-arm64 1.0-15 13.00 108.00 121.00 OK
r-release-macos-x86_64 1.0-15 31.00 239.00 270.00 OK
r-release-windows-x86_64 1.0-15 31.00 220.00 251.00 OK
r-oldrel-macos-arm64 1.0-15 13.00 109.00 122.00 OK
r-oldrel-macos-x86_64 1.0-15 20.00 161.00 181.00 OK
r-oldrel-windows-x86_64 1.0-15 43.00 302.00 345.00 OK

Check Details

Version: 1.0-15
Check: CRAN incoming feasibility
Result: NOTE Maintainer: ‘Shirin Taheri <taheri.shi@gmail.com>’ The BugReports field in DESCRIPTION has https://github.com/shirintaheri/climetrics/issues/ which should likely be https://github.com/shirintaheri/climetrics/issues/issues instead. Flavor: r-devel-linux-x86_64-debian-gcc