Last updated on 2025-04-29 13:51:19 CEST.
Flavor | Version | Tinstall | Tcheck | Ttotal | Status | Flags |
---|---|---|---|---|---|---|
r-devel-linux-x86_64-debian-clang | 1.0-1 | 1.97 | 36.80 | 38.77 | NOTE | |
r-devel-linux-x86_64-debian-gcc | 1.0-1 | 1.34 | 28.87 | 30.21 | NOTE | |
r-devel-linux-x86_64-fedora-clang | 1.0-1 | 58.71 | OK | |||
r-devel-linux-x86_64-fedora-gcc | 1.0-1 | 57.86 | OK | |||
r-devel-windows-x86_64 | 1.0-1 | 5.00 | 70.00 | 75.00 | OK | |
r-patched-linux-x86_64 | 1.0-1 | 3.81 | 35.05 | 38.86 | OK | |
r-release-linux-x86_64 | 1.0-1 | 1.37 | 35.21 | 36.58 | OK | |
r-release-macos-arm64 | 1.0-1 | 22.00 | OK | |||
r-release-macos-x86_64 | 1.0-1 | 35.00 | OK | |||
r-release-windows-x86_64 | 1.0-1 | 3.00 | 74.00 | 77.00 | OK | |
r-oldrel-macos-arm64 | 1.0-1 | 25.00 | OK | |||
r-oldrel-macos-x86_64 | 1.0-1 | 33.00 | OK | |||
r-oldrel-windows-x86_64 | 1.0-1 | 3.00 | 67.00 | 70.00 | OK |
Version: 1.0-1
Check: CRAN incoming feasibility
Result: NOTE
Maintainer: ‘Frederick Novomestky <fnovomes@poly.edu>’
No Authors@R field in DESCRIPTION.
Please add one, modifying
Authors@R: person(given = "Frederick",
family = "Novomestky",
role = c("aut", "cre"),
email = "fnovomes@poly.edu")
as necessary.
Flavors: r-devel-linux-x86_64-debian-clang, r-devel-linux-x86_64-debian-gcc