Last updated on 2024-07-13 05:49:10 CEST.
Flavor | Version | Tinstall | Tcheck | Ttotal | Status | Flags |
---|---|---|---|---|---|---|
r-devel-linux-x86_64-debian-clang | 0.1 | 2.17 | 61.16 | 63.33 | NOTE | |
r-devel-linux-x86_64-debian-gcc | 0.1 | 1.73 | 42.65 | 44.38 | NOTE | |
r-devel-linux-x86_64-fedora-clang | 0.1 | 76.46 | NOTE | |||
r-devel-linux-x86_64-fedora-gcc | 0.1 | 89.72 | NOTE | |||
r-devel-windows-x86_64 | 0.1 | 4.00 | 60.00 | 64.00 | OK | |
r-patched-linux-x86_64 | 0.1 | 1.72 | 58.14 | 59.86 | NOTE | |
r-release-linux-x86_64 | 0.1 | 2.18 | 58.47 | 60.65 | NOTE | |
r-release-macos-arm64 | 0.1 | 25.00 | OK | |||
r-release-macos-x86_64 | 0.1 | 42.00 | OK | |||
r-release-windows-x86_64 | 0.1 | 4.00 | 60.00 | 64.00 | OK | |
r-oldrel-macos-arm64 | 0.1 | 27.00 | OK | |||
r-oldrel-macos-x86_64 | 0.1 | 42.00 | OK | |||
r-oldrel-windows-x86_64 | 0.1 | 4.00 | 67.00 | 71.00 | OK |
Version: 0.1
Check: for non-standard things in the check directory
Result: NOTE
Found the following files/directories:
‘clusterhap_reports’
Flavors: r-devel-linux-x86_64-debian-clang, r-devel-linux-x86_64-debian-gcc, r-devel-linux-x86_64-fedora-clang, r-devel-linux-x86_64-fedora-gcc, r-patched-linux-x86_64, r-release-linux-x86_64