Last updated on 2024-07-13 11:49:09 CEST.
Flavor | Version | Tinstall | Tcheck | Ttotal | Status | Flags |
---|---|---|---|---|---|---|
r-devel-linux-x86_64-debian-clang | 0.9.4 | 92.86 | 90.19 | 183.05 | OK | |
r-devel-linux-x86_64-debian-gcc | 0.9.4 | 64.35 | 71.00 | 135.35 | OK | |
r-devel-linux-x86_64-fedora-clang | 0.9.4 | 242.98 | NOTE | |||
r-devel-linux-x86_64-fedora-gcc | 0.9.4 | 276.01 | NOTE | |||
r-devel-windows-x86_64 | 0.9.4 | 72.00 | 105.00 | 177.00 | OK | |
r-patched-linux-x86_64 | 0.9.4 | 79.15 | 88.98 | 168.13 | OK | |
r-release-linux-x86_64 | 0.9.4 | 75.31 | 88.19 | 163.50 | OK | |
r-release-macos-arm64 | 0.9.4 | 100.00 | NOTE | |||
r-release-macos-x86_64 | 0.9.4 | 127.00 | NOTE | |||
r-release-windows-x86_64 | 0.9.4 | 72.00 | 108.00 | 180.00 | OK | |
r-oldrel-macos-arm64 | 0.9.4 | 109.00 | NOTE | |||
r-oldrel-macos-x86_64 | 0.9.4 | 151.00 | NOTE | |||
r-oldrel-windows-x86_64 | 0.9.4 | 87.00 | 127.00 | 214.00 | OK |
Version: 0.9.4
Check: dependencies in R code
Result: NOTE
Namespace in Imports field not imported from: ‘R6’
All declared Imports should be used.
Flavors: r-devel-linux-x86_64-fedora-clang, r-devel-linux-x86_64-fedora-gcc
Version: 0.9.4
Check: installed package size
Result: NOTE
installed size is 16.6Mb
sub-directories of 1Mb or more:
libs 16.0Mb
Flavors: r-release-macos-arm64, r-release-macos-x86_64, r-oldrel-macos-arm64, r-oldrel-macos-x86_64