CRAN Package Check Results for Package cmprskQR

Last updated on 2025-10-02 04:50:51 CEST.

Flavor Version Tinstall Tcheck Ttotal Status Flags
r-devel-linux-x86_64-debian-clang 0.9.2 8.29 62.07 70.36 NOTE
r-devel-linux-x86_64-debian-gcc 0.9.2 5.98 46.59 52.57 NOTE
r-devel-linux-x86_64-fedora-clang 0.9.2 105.43 NOTE
r-devel-linux-x86_64-fedora-gcc 0.9.2 101.28 NOTE
r-devel-windows-x86_64 0.9.2 11.00 74.00 85.00 NOTE
r-patched-linux-x86_64 0.9.2 6.78 58.84 65.62 NOTE
r-release-linux-x86_64 0.9.2 7.78 58.92 66.70 NOTE
r-release-macos-arm64 0.9.2 54.00 NOTE
r-release-macos-x86_64 0.9.2 88.00 NOTE
r-release-windows-x86_64 0.9.2 11.00 72.00 83.00 NOTE
r-oldrel-macos-arm64 0.9.2 33.00 NOTE
r-oldrel-macos-x86_64 0.9.2 49.00 NOTE
r-oldrel-windows-x86_64 0.9.2 13.00 87.00 100.00 NOTE

Check Details

Version: 0.9.2
Check: CRAN incoming feasibility
Result: NOTE Maintainer: ‘Stephan Dlugosz <stephan.dlugosz@googlemail.com>’ No Authors@R field in DESCRIPTION. Please add one, modifying Authors@R: c(person(given = "Stephan", family = "Dlugosz", role = c("aut", "cre"), email = "stephan.dlugosz@googlemail.com"), person(given = "Limin", family = "Peng", role = "aut"), person(given = "Ruosha", family = "Li", role = "aut"), person(given = "Shuolin", family = "Shi", role = "ctb")) as necessary. Flavors: r-devel-linux-x86_64-debian-clang, r-devel-linux-x86_64-debian-gcc

Version: 0.9.2
Check: Rd files
Result: NOTE checkRd: (-1) plot.predict.crrQR.Rd:18: Escaped LaTeX specials: \# checkRd: (-1) plot.predict.crrQR.Rd:22: Escaped LaTeX specials: \# Flavors: r-devel-linux-x86_64-debian-clang, r-devel-linux-x86_64-debian-gcc, r-devel-linux-x86_64-fedora-clang, r-devel-linux-x86_64-fedora-gcc, r-devel-windows-x86_64, r-patched-linux-x86_64, r-release-linux-x86_64, r-release-macos-arm64, r-release-macos-x86_64, r-release-windows-x86_64, r-oldrel-macos-arm64, r-oldrel-macos-x86_64, r-oldrel-windows-x86_64