Last updated on 2025-10-24 05:50:35 CEST.
| Flavor | Version | Tinstall | Tcheck | Ttotal | Status | Flags |
|---|---|---|---|---|---|---|
| r-devel-linux-x86_64-debian-clang | 1.1 | 10.33 | 60.45 | 70.78 | NOTE | |
| r-devel-linux-x86_64-debian-gcc | 1.1 | 7.91 | 52.99 | 60.90 | NOTE | |
| r-devel-linux-x86_64-fedora-clang | 1.1 | 16.00 | 70.57 | 86.57 | OK | |
| r-devel-linux-x86_64-fedora-gcc | 1.1 | 26.00 | 82.40 | 108.40 | OK | |
| r-devel-windows-x86_64 | 1.1 | 10.00 | 64.00 | 74.00 | OK | |
| r-patched-linux-x86_64 | 1.1 | 11.12 | 55.19 | 66.31 | OK | |
| r-release-linux-x86_64 | 1.1 | 11.39 | 54.79 | 66.18 | OK | |
| r-release-macos-arm64 | 1.1 | 10.00 | 50.00 | 60.00 | OK | |
| r-release-macos-x86_64 | 1.1 | 19.00 | 142.00 | 161.00 | OK | |
| r-release-windows-x86_64 | 1.1 | 12.00 | 66.00 | 78.00 | OK | |
| r-oldrel-macos-arm64 | 1.1 | 9.00 | 43.00 | 52.00 | OK | |
| r-oldrel-macos-x86_64 | 1.1 | 11.00 | 49.00 | 60.00 | OK | |
| r-oldrel-windows-x86_64 | 1.1 | 15.00 | 76.00 | 91.00 | OK |
Version: 1.1
Check: CRAN incoming feasibility
Result: NOTE
Maintainer: ‘Ana Belen Nieto Librero <ananieto@usal.es>’
No Authors@R field in DESCRIPTION.
Please add one, modifying
Authors@R: c(person(given = c("Ana", "Belen", "Nieto"),
family = "Librero",
role = c("aut", "cre"),
email = "ananieto@usal.es"),
person(given = "Priscila",
family = "Willems",
role = "aut",
email = "pwillems@bariloche.inta.gov.ar"),
person(given = c("Purificacion", "Galindo"),
family = "Villardon",
role = "aut",
email = "pgalindo@usal.es"))
as necessary.
Flavors: r-devel-linux-x86_64-debian-clang, r-devel-linux-x86_64-debian-gcc